{"id":13075,"date":"2023-02-21T08:51:46","date_gmt":"2023-02-21T08:51:46","guid":{"rendered":"https:\/\/site-teste.uem.mz\/?page_id=13075"},"modified":"2023-02-21T08:57:18","modified_gmt":"2023-02-21T08:57:18","slug":"imprensa-universitaria","status":"publish","type":"page","link":"https:\/\/site-teste.uem.mz\/index.php\/imprensa-universitaria\/","title":{"rendered":"Imprensa Universit\u00e1ria"},"content":{"rendered":"\t\t<div data-elementor-type=\"wp-page\" data-elementor-id=\"13075\" class=\"elementor elementor-13075\" data-elementor-settings=\"{&quot;ha_cmc_init_switcher&quot;:&quot;no&quot;}\" data-elementor-post-type=\"page\">\n\t\t\t\t\t\t<section class=\"elementor-section elementor-top-section elementor-element elementor-element-10d6585 elementor-section-boxed elementor-section-height-default elementor-section-height-default\" data-id=\"10d6585\" data-element_type=\"section\" data-e-type=\"section\" data-settings=\"{&quot;_ha_eqh_enable&quot;:false}\">\n\t\t\t\t\t\t<div class=\"elementor-container elementor-column-gap-default\">\n\t\t\t\t\t<div class=\"elementor-column elementor-col-100 elementor-top-column elementor-element elementor-element-88b37e4\" data-id=\"88b37e4\" data-element_type=\"column\" data-e-type=\"column\">\n\t\t\t<div class=\"elementor-widget-wrap elementor-element-populated\">\n\t\t\t\t\t\t<div class=\"elementor-element elementor-element-1d9570c elementor-widget elementor-widget-heading\" data-id=\"1d9570c\" data-element_type=\"widget\" data-e-type=\"widget\" data-widget_type=\"heading.default\">\n\t\t\t\t<div class=\"elementor-widget-container\">\n\t\t\t\t\t<h2 class=\"elementor-heading-title elementor-size-default\">Imprensa Universit\u00e1ria<\/h2>\t\t\t\t<\/div>\n\t\t\t\t<\/div>\n\t\t\t\t\t<\/div>\n\t\t<\/div>\n\t\t\t\t\t<\/div>\n\t\t<\/section>\n\t\t\t\t<section class=\"elementor-section elementor-top-section elementor-element elementor-element-bc06740 elementor-section-boxed elementor-section-height-default elementor-section-height-default\" data-id=\"bc06740\" data-element_type=\"section\" data-e-type=\"section\" data-settings=\"{&quot;_ha_eqh_enable&quot;:false}\">\n\t\t\t\t\t\t<div class=\"elementor-container elementor-column-gap-default\">\n\t\t\t\t\t<div class=\"elementor-column elementor-col-100 elementor-top-column elementor-element elementor-element-eea7a7e\" data-id=\"eea7a7e\" data-element_type=\"column\" data-e-type=\"column\">\n\t\t\t<div class=\"elementor-widget-wrap elementor-element-populated\">\n\t\t\t\t\t\t<div class=\"elementor-element elementor-element-c0c9061 elementor-widget elementor-widget-text-editor\" data-id=\"c0c9061\" data-element_type=\"widget\" data-e-type=\"widget\" data-widget_type=\"text-editor.default\">\n\t\t\t\t<div class=\"elementor-widget-container\">\n\t\t\t\t\t\t\t\t\t<div id=\"content_effect\">\n<div id=\"content\">\n<div id=\"columns-container\">\n<div id=\"outer-column-container\">\n<div id=\"inner-column-container\" class=\"clearfix\">\n<div id=\"source-order-container\">\n<div id=\"middle-column\">\n<p>A Imprensa Universit\u00e1ria (IUEM) \u00e9 uma unidade org\u00e2nica da Universidade Eduardo Mondlane (UEM) cuja a miss\u00e3o \u00e9 de contribuir para:<\/p>\n<ul>\n<li>A qualidade do ensino e investiga\u00e7\u00e3o, na UEM, atrav\u00e9s da edi\u00e7\u00e3o, produ\u00e7\u00e3o e distribui\u00e7\u00e3o de material did\u00e1ctico (manuais e livros);<\/li>\n<li>A divulga\u00e7\u00e3o da actividade cient\u00edfica e cultural da UEM atrav\u00e9s da produ\u00e7\u00e3o e distribui\u00e7\u00e3o de publica\u00e7\u00f5es cient\u00edficas e informativas da UEM;<\/li>\n<li>A racionaliza\u00e7\u00e3o dos custos de aquisi\u00e7\u00e3o de material impresso e de servi\u00e7os de reprografia para a UEM e a comunidade estudantil.<\/li>\n<\/ul>\n<p><strong>Estrutura<\/strong><br \/>A Imprensa Universit\u00e1ria \u00e9 composta pela Conselho de Direc\u00e7\u00e3o, Director, Director-Adjunto, Departamento de Administra\u00e7\u00e3o e Finan\u00e7as, Departamento de Marketing, Departamento de Produ\u00e7\u00e3o.<\/p>\n<p><strong>\u00c1rea de produ\u00e7\u00e3o<\/strong><br \/>A nossa actividade fundamental \u00e9 a de\u00a0 produ\u00e7\u00e3o de livros. Temos uma vasta experi\u00eancia nesta actividade e colaboramos com v\u00e1rios autores, docentes da UEM e n\u00e3o s\u00f3,\u00a0 na produ\u00e7\u00e3o de livros.<br \/>No entanto, produzimos outros produtos tais como: brochuras, cat\u00e1logos, calend\u00e1rios, agendas, folhetos, desdobr\u00e1veis, cartazes, postais, cart\u00f5es de visita, etc.<\/p>\n<p><strong>Livrarias e centros de copias<br \/><\/strong>A Imprensa Universit\u00e1ria possui tr\u00eas(3) livrarias: uma est\u00e1 situada no Campus Universit\u00e1rio, junto a Imprensa, a segunda na Karl Max, 939 e a terceira na Faculdade de Engenharia da UEM. Estas livrarias vendem n\u00e3o s\u00f3 livros editados na IU, como tamb\u00e9m, livros de outras editoras nacionais e estrangeiras.<\/p>\n<p>A Imprensa Universit\u00e1ria possui tamb\u00e9m centros de c\u00f3pias que oferecem todos os servi\u00e7os de reprografia para a comunidade Universit\u00e1ria.<\/p>\n<p><strong>Servi\u00e7os<\/strong><\/p>\n<p>A Imprensa Universit\u00e1ria como editora da UEM tem como fun\u00e7\u00f5es:<\/p>\n<ul>\n<li>Angariar novos autores;<\/li>\n<li>Avaliar projectos recebidos;<\/li>\n<li>Organizar procedimentos sobre direitos autorais;<\/li>\n<li>Decidir sobre prioridades editoriais, venda e compra de direitos de produ\u00e7\u00e3o;<\/li>\n<li>Colaborar com os organismos cong\u00e9neres por forma ampliar a nossa participa\u00e7\u00e3o em feiras, exposi\u00e7\u00f5es e bienais do livro;<\/li>\n<li>Contribuir para o aprimoramento dos processos de produ\u00e7\u00e3o, comercializa\u00e7\u00e3o e divulga\u00e7\u00e3o do livro;<\/li>\n<li>Promover ou participar em campanhas incentivem o h\u00e1bito da leitura.<\/li>\n<\/ul>\n<p><strong>Localiz\u00e7\u00e3o<\/strong><\/p>\n<p>A sede da Imprensa e Livraria Universit\u00e1ria \u00e9 no Campus Principal da Universidade Eduardo Mondlane, cita na Av. Julius Nyerere em Maputo.<br \/>Conta igualmente com uma (1) Loja na zona comercial da cidade capital sita na Av. Karl Marx 939, e um (1) Posto de Venda na Faculdade de Engenharia, e faz-se representar no resto do pa\u00eds com 2 representantes nas outras duas principais cidades, Beira e Nampula (que efectuam a distribui\u00e7\u00e3o de livros naquelas zonas do pa\u00eds)<\/p>\n<p><strong>Contactos<\/strong><\/p>\n<p>Tel: 21410100 Fax: 21491917<\/p>\n<\/div>\n<\/div>\n<\/div>\n<\/div>\n<\/div>\n<\/div>\n<\/div>\t\t\t\t\t\t\t\t<\/div>\n\t\t\t\t<\/div>\n\t\t\t\t\t<\/div>\n\t\t<\/div>\n\t\t\t\t\t<\/div>\n\t\t<\/section>\n\t\t\t\t<\/div>\n\t\t","protected":false},"excerpt":{"rendered":"<p>Imprensa Universit\u00e1ria A Imprensa Universit\u00e1ria (IUEM) \u00e9 uma unidade org\u00e2nica da Universidade Eduardo Mondlane (UEM) cuja a miss\u00e3o \u00e9 de contribuir para: A qualidade do ensino e investiga\u00e7\u00e3o, na UEM, atrav\u00e9s da edi\u00e7\u00e3o, produ\u00e7\u00e3o e distribui\u00e7\u00e3o de material did\u00e1ctico (manuais &hellip; <\/p>\n","protected":false},"author":1,"featured_media":0,"parent":0,"menu_order":0,"comment_status":"closed","ping_status":"closed","template":"elementor_header_footer","meta":{"footnotes":""},"class_list":["post-13075","page","type-page","status-publish","hentry"],"_links":{"self":[{"href":"https:\/\/site-teste.uem.mz\/index.php\/wp-json\/wp\/v2\/pages\/13075"}],"collection":[{"href":"https:\/\/site-teste.uem.mz\/index.php\/wp-json\/wp\/v2\/pages"}],"about":[{"href":"https:\/\/site-teste.uem.mz\/index.php\/wp-json\/wp\/v2\/types\/page"}],"author":[{"embeddable":true,"href":"https:\/\/site-teste.uem.mz\/index.php\/wp-json\/wp\/v2\/users\/1"}],"replies":[{"embeddable":true,"href":"https:\/\/site-teste.uem.mz\/index.php\/wp-json\/wp\/v2\/comments?post=13075"}],"version-history":[{"count":5,"href":"https:\/\/site-teste.uem.mz\/index.php\/wp-json\/wp\/v2\/pages\/13075\/revisions"}],"predecessor-version":[{"id":13084,"href":"https:\/\/site-teste.uem.mz\/index.php\/wp-json\/wp\/v2\/pages\/13075\/revisions\/13084"}],"wp:attachment":[{"href":"https:\/\/site-teste.uem.mz\/index.php\/wp-json\/wp\/v2\/media?parent=13075"}],"curies":[{"name":"wp","href":"https:\/\/api.w.org\/{rel}","templated":true}]}}