{"id":12674,"date":"2023-02-16T14:03:19","date_gmt":"2023-02-16T14:03:19","guid":{"rendered":"https:\/\/site-teste.uem.mz\/?page_id=12674"},"modified":"2023-06-08T10:45:02","modified_gmt":"2023-06-08T10:45:02","slug":"faculdade-de-medicina","status":"publish","type":"page","link":"https:\/\/site-teste.uem.mz\/index.php\/faculdade-de-medicina\/","title":{"rendered":"Faculdade de Medicina"},"content":{"rendered":"\t\t<div data-elementor-type=\"wp-page\" data-elementor-id=\"12674\" class=\"elementor elementor-12674\" data-elementor-settings=\"{&quot;ha_cmc_init_switcher&quot;:&quot;no&quot;}\" data-elementor-post-type=\"page\">\n\t\t\t\t\t\t<section class=\"elementor-section elementor-top-section elementor-element elementor-element-10d6585 elementor-section-boxed elementor-section-height-default elementor-section-height-default\" data-id=\"10d6585\" data-element_type=\"section\" data-e-type=\"section\" data-settings=\"{&quot;_ha_eqh_enable&quot;:false}\">\n\t\t\t\t\t\t<div class=\"elementor-container elementor-column-gap-default\">\n\t\t\t\t\t<div class=\"elementor-column elementor-col-100 elementor-top-column elementor-element elementor-element-88b37e4\" data-id=\"88b37e4\" data-element_type=\"column\" data-e-type=\"column\">\n\t\t\t<div class=\"elementor-widget-wrap elementor-element-populated\">\n\t\t\t\t\t\t<div class=\"elementor-element elementor-element-1d9570c elementor-widget elementor-widget-heading\" data-id=\"1d9570c\" data-element_type=\"widget\" data-e-type=\"widget\" data-widget_type=\"heading.default\">\n\t\t\t\t<div class=\"elementor-widget-container\">\n\t\t\t\t\t<h2 class=\"elementor-heading-title elementor-size-default\">Faculdade de Medicina <\/h2>\t\t\t\t<\/div>\n\t\t\t\t<\/div>\n\t\t\t\t\t<\/div>\n\t\t<\/div>\n\t\t\t\t\t<\/div>\n\t\t<\/section>\n\t\t\t\t<section class=\"elementor-section elementor-top-section elementor-element elementor-element-bc06740 elementor-section-boxed elementor-section-height-default elementor-section-height-default\" data-id=\"bc06740\" data-element_type=\"section\" data-e-type=\"section\" data-settings=\"{&quot;_ha_eqh_enable&quot;:false}\">\n\t\t\t\t\t\t<div class=\"elementor-container elementor-column-gap-default\">\n\t\t\t\t\t<div class=\"elementor-column elementor-col-100 elementor-top-column elementor-element elementor-element-eea7a7e\" data-id=\"eea7a7e\" data-element_type=\"column\" data-e-type=\"column\">\n\t\t\t<div class=\"elementor-widget-wrap elementor-element-populated\">\n\t\t\t\t\t\t<div class=\"elementor-element elementor-element-c0c9061 elementor-widget elementor-widget-text-editor\" data-id=\"c0c9061\" data-element_type=\"widget\" data-e-type=\"widget\" data-widget_type=\"text-editor.default\">\n\t\t\t\t<div class=\"elementor-widget-container\">\n\t\t\t\t\t\t\t\t\t<p>A&nbsp;<strong>Faculdade de Medicina da Universidade Eduardo Mondlane<\/strong>&nbsp;oferece Licenciatura em Medicina desde 1963 e j\u00e1 graduou mais de mil m\u00e9dicos para o pa\u00eds. At\u00e9 meados dos anos 1990 era a \u00fanica institui\u00e7\u00e3o no pa\u00eds respons\u00e1vel pela forma\u00e7\u00e3o de m\u00e9dicos. Hoje existem outras institui\u00e7\u00f5es p\u00fablicas e privadas que tamb\u00e9m se dedicam \u00e0 forma\u00e7\u00e3o de m\u00e9dicos.<\/p>\n<p>Ao longo de cerca de meio s\u00e9culo de exist\u00eancia, a Faculdade de Medicina da UEM passou por v\u00e1rias reformas acad\u00e9micas e administrativas de acordo com os desafios e especificidades das diferentes \u00e9pocas da hist\u00f3ria do pa\u00eds. Por isso, ela \u00e9 um reposit\u00f3rio de experiencias e compet\u00eancias acumuladas nos intervenientes, nos processos e na mem\u00f3ria institucional. Isso confere-nos a obriga\u00e7\u00e3o moral de assumir o papel dianteiro e de alento para as outras institui\u00e7\u00f5es de forma\u00e7\u00e3o de m\u00e9dicos no pa\u00eds.<\/p>\n<p>O objetivo de excel\u00eancia na forma\u00e7\u00e3o de m\u00e9dicos e outros profissionais de sa\u00fade foi-nos atribu\u00eddo e guia os nossos passos quando avaliamos os nossos processos de ensino-aprendizagem e tra\u00e7amos as metas para o futuro onde esperamos brevemente introduzir novos cursos. A produ\u00e7\u00e3o cient\u00edfica (conhecimento novo) e o ampliar o leque de servi\u00e7os que oferece \u00e0 sociedade mo\u00e7ambicana s\u00e3o pontos altos na nossa agenda como pilares que alicer\u00e7am o nosso desempenho.<\/p>\n<p>Com esta vis\u00e3o e idealidade, como Diretor da Faculdade de Medicina da UEM, em colabora\u00e7\u00e3o estreita com os Diretores Adjuntos e os demais profissionais da nossa institui\u00e7\u00e3o, tenho procurado impelir uma nova din\u00e2mica acad\u00e9mica e cient\u00edfica entre o corpo docente, discente e t\u00e9cnico-administrativo. Ciente dos desafios existentes, reitero o compromisso da equipa que dirijo em formar profissionais de sa\u00fade (m\u00e9dicos e outros) com n\u00edvel de excel\u00eancia e criar um ambiente prop\u00edcio a uma produ\u00e7\u00e3o cient\u00edfica relevante para a melhoria da Sa\u00fade da popula\u00e7\u00e3o de Mo\u00e7ambique e que motive docentes, discentes e corpo t\u00e9cnico-administrativo a darem o seu melhor contributo.<br>Finalmente, quero manifestar a nossa abertura a todos os que pretendam enveredar pelas ci\u00eancias m\u00e9dicas e da sa\u00fade e encorajar que n\u00e3o hesitem em buscar junto a nos a resposta as vossas quest\u00f5es ajudando-nos a ser um local onde se troquem as melhores ideias acerca de como abordarmos e resolvermos os problemas de sa\u00fade que nos afligem.<\/p>\n<p><\/p>\n<p>Prof. Doutor Jahit Sacarlal<br>Diretor da Faculdade<\/p>\n<p><b>Contactos<\/b><\/p>\n<ul>\n<li>Av. Mo\u00e7ambique Km, 1.5<\/li>\n<li>Telefone: +258 21477217<\/li>\n<li>(Director) +258 21475155<\/li>\n<li>Fax: +258 21475063<\/li>\n<\/ul>\n<hr>\n<p>Visitar website:&nbsp;<strong><a href=\"https:\/\/www.med.uem.mz\/\" target=\"_blank\" rel=\"noopener\">med.uem.mz<\/a><\/strong><\/p>\n<hr>\t\t\t\t\t\t\t\t<\/div>\n\t\t\t\t<\/div>\n\t\t\t\t\t<\/div>\n\t\t<\/div>\n\t\t\t\t\t<\/div>\n\t\t<\/section>\n\t\t\t\t<\/div>\n\t\t","protected":false},"excerpt":{"rendered":"<p>Faculdade de Medicina A&nbsp;Faculdade de Medicina da Universidade Eduardo Mondlane&nbsp;oferece Licenciatura em Medicina desde 1963 e j\u00e1 graduou mais de mil m\u00e9dicos para o pa\u00eds. At\u00e9 meados dos anos 1990 era a \u00fanica institui\u00e7\u00e3o no pa\u00eds respons\u00e1vel pela forma\u00e7\u00e3o de &hellip; <\/p>\n","protected":false},"author":1,"featured_media":0,"parent":0,"menu_order":0,"comment_status":"closed","ping_status":"closed","template":"elementor_header_footer","meta":{"footnotes":""},"class_list":["post-12674","page","type-page","status-publish","hentry"],"_links":{"self":[{"href":"https:\/\/site-teste.uem.mz\/index.php\/wp-json\/wp\/v2\/pages\/12674"}],"collection":[{"href":"https:\/\/site-teste.uem.mz\/index.php\/wp-json\/wp\/v2\/pages"}],"about":[{"href":"https:\/\/site-teste.uem.mz\/index.php\/wp-json\/wp\/v2\/types\/page"}],"author":[{"embeddable":true,"href":"https:\/\/site-teste.uem.mz\/index.php\/wp-json\/wp\/v2\/users\/1"}],"replies":[{"embeddable":true,"href":"https:\/\/site-teste.uem.mz\/index.php\/wp-json\/wp\/v2\/comments?post=12674"}],"version-history":[{"count":16,"href":"https:\/\/site-teste.uem.mz\/index.php\/wp-json\/wp\/v2\/pages\/12674\/revisions"}],"predecessor-version":[{"id":15898,"href":"https:\/\/site-teste.uem.mz\/index.php\/wp-json\/wp\/v2\/pages\/12674\/revisions\/15898"}],"wp:attachment":[{"href":"https:\/\/site-teste.uem.mz\/index.php\/wp-json\/wp\/v2\/media?parent=12674"}],"curies":[{"name":"wp","href":"https:\/\/api.w.org\/{rel}","templated":true}]}}