{"id":12463,"date":"2023-02-14T10:20:18","date_gmt":"2023-02-14T10:20:18","guid":{"rendered":"https:\/\/site-teste.uem.mz\/?page_id=12463"},"modified":"2023-06-08T11:17:36","modified_gmt":"2023-06-08T11:17:36","slug":"faculdade-de-filosofia","status":"publish","type":"page","link":"https:\/\/site-teste.uem.mz\/index.php\/faculdade-de-filosofia\/","title":{"rendered":"Faculdade de Filosofia"},"content":{"rendered":"\t\t<div data-elementor-type=\"wp-page\" data-elementor-id=\"12463\" class=\"elementor elementor-12463\" data-elementor-settings=\"{&quot;ha_cmc_init_switcher&quot;:&quot;no&quot;}\" data-elementor-post-type=\"page\">\n\t\t\t\t\t\t<section class=\"elementor-section elementor-top-section elementor-element elementor-element-10d6585 elementor-section-boxed elementor-section-height-default elementor-section-height-default\" data-id=\"10d6585\" data-element_type=\"section\" data-e-type=\"section\" data-settings=\"{&quot;_ha_eqh_enable&quot;:false}\">\n\t\t\t\t\t\t<div class=\"elementor-container elementor-column-gap-default\">\n\t\t\t\t\t<div class=\"elementor-column elementor-col-100 elementor-top-column elementor-element elementor-element-88b37e4\" data-id=\"88b37e4\" data-element_type=\"column\" data-e-type=\"column\">\n\t\t\t<div class=\"elementor-widget-wrap elementor-element-populated\">\n\t\t\t\t\t\t<div class=\"elementor-element elementor-element-1d9570c elementor-widget elementor-widget-heading\" data-id=\"1d9570c\" data-element_type=\"widget\" data-e-type=\"widget\" data-widget_type=\"heading.default\">\n\t\t\t\t<div class=\"elementor-widget-container\">\n\t\t\t\t\t<h2 class=\"elementor-heading-title elementor-size-default\">Faculdade de Filosofia<\/h2>\t\t\t\t<\/div>\n\t\t\t\t<\/div>\n\t\t\t\t\t<\/div>\n\t\t<\/div>\n\t\t\t\t\t<\/div>\n\t\t<\/section>\n\t\t\t\t<section class=\"elementor-section elementor-top-section elementor-element elementor-element-bc06740 elementor-section-boxed elementor-section-height-default elementor-section-height-default\" data-id=\"bc06740\" data-element_type=\"section\" data-e-type=\"section\" data-settings=\"{&quot;_ha_eqh_enable&quot;:false}\">\n\t\t\t\t\t\t<div class=\"elementor-container elementor-column-gap-default\">\n\t\t\t\t\t<div class=\"elementor-column elementor-col-100 elementor-top-column elementor-element elementor-element-eea7a7e\" data-id=\"eea7a7e\" data-element_type=\"column\" data-e-type=\"column\">\n\t\t\t<div class=\"elementor-widget-wrap elementor-element-populated\">\n\t\t\t\t\t\t<div class=\"elementor-element elementor-element-c0c9061 elementor-widget elementor-widget-text-editor\" data-id=\"c0c9061\" data-element_type=\"widget\" data-e-type=\"widget\" data-widget_type=\"text-editor.default\">\n\t\t\t\t<div class=\"elementor-widget-container\">\n\t\t\t\t\t\t\t\t\t<p>Criada em 2010, a Faculdade de Filosofia \u00e9 uma Unidade Org\u00e2nica da Universidade Eduardo Mondlane que se ocupa da forma\u00e7\u00e3o superior e da investiga\u00e7\u00e3o cient\u00edfica no dom\u00ednio das Ci\u00eancias Filos\u00f3ficas, cabendo-lhe formar fil\u00f3sofos qualificados para o exerc\u00edcio de actividades na sua \u00e1rea de saber com uma vis\u00e3o humanista, cr\u00edtica e reflexiva que possam contribuir para o desenvolvimento de uma sociedade de conhecimento orientada para o exerc\u00edcio de uma cidadania consciente.<\/p>\n<p><b style=\"color: var( --e-global-color-text );\">Vis\u00e3o<\/b><br><\/p>\n<ul>\n<li>Ser refer\u00eancia na forma\u00e7\u00e3o de Fil\u00f3sofos<\/li>\n<\/ul>\n<div><b>Miss\u00e3o<\/b><\/div>\n<ul>\n<li>Desenvolver actividades de ensino, investiga\u00e7\u00e3o e extens\u00e3o no dom\u00ednio dos conhecimentos filos\u00f3ficos, com vista a edifica\u00e7\u00e3o de uma sociedade de valores.&nbsp;<\/li>\n<\/ul>\n<div><b>Contactos<\/b><\/div>\n<ul>\n<li>Av.Julius Nyerere, n\u00b0 3453<\/li>\n<li>Campus Universit\u00e1rio Principal<\/li>\n<li>Caixa Postal n\u00ba257, Maputo<\/li>\n<li>Telefone\/Fax:+258 82 37 89 148 \/ 21 49 17 39<\/li>\n<li>E-mail:&nbsp;<a href=\"mailto:fafilos@uem.mz\">fafilos@uem.mz<\/a><\/li>\n<\/ul>\n<hr>\n<p>Website:&nbsp;<a href=\"http:\/\/filosofia.uem.mz\/\">http:\/\/filosofia.uem.mz\/<\/a><\/p>\t\t\t\t\t\t\t\t<\/div>\n\t\t\t\t<\/div>\n\t\t\t\t\t<\/div>\n\t\t<\/div>\n\t\t\t\t\t<\/div>\n\t\t<\/section>\n\t\t\t\t<\/div>\n\t\t","protected":false},"excerpt":{"rendered":"<p>Faculdade de Filosofia Criada em 2010, a Faculdade de Filosofia \u00e9 uma Unidade Org\u00e2nica da Universidade Eduardo Mondlane que se ocupa da forma\u00e7\u00e3o superior e da investiga\u00e7\u00e3o cient\u00edfica no dom\u00ednio das Ci\u00eancias Filos\u00f3ficas, cabendo-lhe formar fil\u00f3sofos qualificados para o exerc\u00edcio &hellip; <\/p>\n","protected":false},"author":1,"featured_media":0,"parent":0,"menu_order":0,"comment_status":"closed","ping_status":"closed","template":"elementor_header_footer","meta":{"footnotes":""},"class_list":["post-12463","page","type-page","status-publish","hentry"],"_links":{"self":[{"href":"https:\/\/site-teste.uem.mz\/index.php\/wp-json\/wp\/v2\/pages\/12463"}],"collection":[{"href":"https:\/\/site-teste.uem.mz\/index.php\/wp-json\/wp\/v2\/pages"}],"about":[{"href":"https:\/\/site-teste.uem.mz\/index.php\/wp-json\/wp\/v2\/types\/page"}],"author":[{"embeddable":true,"href":"https:\/\/site-teste.uem.mz\/index.php\/wp-json\/wp\/v2\/users\/1"}],"replies":[{"embeddable":true,"href":"https:\/\/site-teste.uem.mz\/index.php\/wp-json\/wp\/v2\/comments?post=12463"}],"version-history":[{"count":27,"href":"https:\/\/site-teste.uem.mz\/index.php\/wp-json\/wp\/v2\/pages\/12463\/revisions"}],"predecessor-version":[{"id":15919,"href":"https:\/\/site-teste.uem.mz\/index.php\/wp-json\/wp\/v2\/pages\/12463\/revisions\/15919"}],"wp:attachment":[{"href":"https:\/\/site-teste.uem.mz\/index.php\/wp-json\/wp\/v2\/media?parent=12463"}],"curies":[{"name":"wp","href":"https:\/\/api.w.org\/{rel}","templated":true}]}}