{"id":12282,"date":"2023-01-30T08:03:24","date_gmt":"2023-01-30T08:03:24","guid":{"rendered":"https:\/\/site-teste.uem.mz\/?page_id=12282"},"modified":"2023-01-30T08:08:30","modified_gmt":"2023-01-30T08:08:30","slug":"arquivo-historico-de-mocambique","status":"publish","type":"page","link":"https:\/\/site-teste.uem.mz\/index.php\/arquivo-historico-de-mocambique\/","title":{"rendered":"Arquivo Hist\u00f3rico de Mo\u00e7ambique"},"content":{"rendered":"\t\t<div data-elementor-type=\"wp-page\" data-elementor-id=\"12282\" class=\"elementor elementor-12282\" data-elementor-settings=\"{&quot;ha_cmc_init_switcher&quot;:&quot;no&quot;}\" data-elementor-post-type=\"page\">\n\t\t\t\t\t\t<section class=\"elementor-section elementor-top-section elementor-element elementor-element-6193d13 elementor-section-boxed elementor-section-height-default elementor-section-height-default\" data-id=\"6193d13\" data-element_type=\"section\" data-e-type=\"section\" data-settings=\"{&quot;_ha_eqh_enable&quot;:false}\">\n\t\t\t\t\t\t<div class=\"elementor-container elementor-column-gap-default\">\n\t\t\t\t\t<div class=\"elementor-column elementor-col-100 elementor-top-column elementor-element elementor-element-8de3232\" data-id=\"8de3232\" data-element_type=\"column\" data-e-type=\"column\">\n\t\t\t<div class=\"elementor-widget-wrap elementor-element-populated\">\n\t\t\t\t\t\t<div class=\"elementor-element elementor-element-0ed4e4a elementor-widget elementor-widget-heading\" data-id=\"0ed4e4a\" data-element_type=\"widget\" data-e-type=\"widget\" data-widget_type=\"heading.default\">\n\t\t\t\t<div class=\"elementor-widget-container\">\n\t\t\t\t\t<h2 class=\"elementor-heading-title elementor-size-default\">Arquivo Hist\u00f3rico de Mo\u00e7ambique<\/h2>\t\t\t\t<\/div>\n\t\t\t\t<\/div>\n\t\t\t\t<div class=\"elementor-element elementor-element-260371e elementor-widget elementor-widget-text-editor\" data-id=\"260371e\" data-element_type=\"widget\" data-e-type=\"widget\" data-widget_type=\"text-editor.default\">\n\t\t\t\t<div class=\"elementor-widget-container\">\n\t\t\t\t\t\t\t\t\t<p>O\u00a0<strong>Arquivo Hist\u00f3rico de Mo\u00e7ambique<\/strong>\u00a0foi criado pela Portaria 2267, de 27 de Junho de 1934, ligado \u00e0 biblioteca da Reparti\u00e7\u00e3o T\u00e9cnica de Estat\u00edstica com a miss\u00e3o de reunir alguns arquivos dispersos e organizar uma colec\u00e7\u00e3o bibliogr\u00e1fica sobre Mo\u00e7ambique. Em 1939 o Diploma Legislativo especifica mais as suas fun\u00e7\u00f5es tornado-se &#8220;Instrumento da Cultura Hist\u00f3rica&#8221; e &#8220;Arquivo do Governo da Col\u00f3nia. Em 1957, o ent\u00e3o Minist\u00e9rio do Ultramar e da Educa\u00e7\u00e3o Nacional, atrav\u00e9s do Decreto-Lei 41.472 determina a transfer\u00eancia de sua depend\u00eancia para os Servi\u00e7os de Instru\u00e7\u00e3o.<\/p><p>No ano seguinte, o Decreto 42.030 reafirma a sua import\u00e2ncia como Arquivo Geral e Dep\u00f3sito Legal da Prov\u00edncia. O Decreto-Lei 26\/76, de 17 de Julho de 1976, liga administrativamente o\u00a0<strong>Arquivo Hist\u00f3rico de Mo\u00e7ambique \u00e0 Universidade Eduardo Mondlan<\/strong>e.<\/p><p>Nos anos que se seguiram, sob a nova depend\u00eancia, esta institui\u00e7\u00e3o definiu como prioridade, criar as infra-estruturas indispens\u00e1veis e recolher, em todo o pa\u00eds e a todos os n\u00edveis, a documenta\u00e7\u00e3o colonial at\u00e9 \u00e0 data da independ\u00eancia nacional. O Diploma Legislativo 90\/71, de 21 de Agosto de 1971, tornou o Arquivo Hist\u00f3rico de Mo\u00e7ambique, benefici\u00e1rio de parte do Dep\u00f3sito Legal do pa\u00eds. Em 1992, o Decreto 33\/92, de 26 de Outubro, que institui o Sistema Nacional de Arquivos, designa o Arquivo Hist\u00f3rico de Mo\u00e7ambique, \u00f3rg\u00e3o central do mesmo.<\/p><p>Em 2007, e instituido o\u00a0<strong>Sistema Nacional de Arquivos de Estado (SNAE)<\/strong>, pelo decreto 36\/2007, de 27 de Agosto, o qual revoga o decreto 33\/92 do Sistema Nacional de Arquivos. No Ambito da nova legislacao, o Minist\u00e9rio da Fun\u00e7\u00e3o P\u00fablica assume a fun\u00e7\u00e3o coordenadora.<\/p><p>Hoje, no \u00e2mbito das suas atribui\u00e7\u00f5es, o\u00a0<strong>AHM<\/strong>\u00a0tem a grande responsabilidade de apoio ao governo na defini\u00e7\u00e3o de pol\u00edticas de gest\u00e3o e preserva\u00e7\u00e3o de documentos, n\u00e3o s\u00f3 produzidos a n\u00edvel local, como tamb\u00e9m de outras fontes externas de interesse nacional. Neste \u00e2mbito, os actuais desafios s\u00e3o pela identidade do\u00a0<strong>AHM<\/strong>\u00a0como um verdadeiro Arquivo Nacional, cuja finalidade seja de exercer orienta\u00e7\u00e3o t\u00e9cnica e normativa de gestao arquivistica e preservacao da memoria Nacional. O\u00a0<strong>AHM<\/strong>\u00a0garante o acesso publico aos documentos de arquivo, o apoio ao governo na tomada de decis\u00f5es pol\u00edtico-administrativas e ao cidad\u00e3o na defesa dos seus direitos e privil\u00e9gios.<\/p><table><tbody><tr><td colspan=\"2\" rowspan=\"1\"><strong>\u00a0\u00a0<\/strong><strong>\u00a0\u00a0\u00a0\u00a0\u00a0\u00a0\u00a0 Estrutura Org\u00e2nica do AHM<\/strong><\/td><\/tr><tr><td><p><strong>\u00a0\u00a0\u00a0\u00a0\u00a0<\/strong><\/p><\/td><td><p><strong>1. Direc\u00e7\u00e3o<\/strong><\/p><p>Director: Doutor Edmundo Francisco Macu\u00e1cua<br \/>Director-Adjunto Administrativo e Financeiro: Mestre Juma Abibo P. Mussa<br \/>Director-Adjunto T\u00e9cnico: Mestre Renato Augusto Perreira<\/p><p><strong>2. Departamentos<\/strong><br \/>\u00a0\u00a0 2.1 Departamento de Arquivos Permanentes<br \/>\u00a0\u00a0 2.2 Departamento de Gest\u00e3o de Documentos<br \/>\u00a0\u00a0 2.3 Departamento de Investiga\u00e7\u00e3o e Extens\u00e3o<br \/>\u00a0\u00a0 2.4 Departamento de Arquivos e Colec\u00e7\u00f5es Especiais<br \/>\u00a0\u00a0 2.5 Departamento de tecnologia de Informa\u00e7\u00e3o e Transfer\u00eancia de Suportes<br \/>\u00a0\u00a0 2.6 Departamento de Administra\u00e7\u00e3o e Finan\u00e7as<br \/>\u00a0\u00a0 2.7 Departamento do Arquivo Central da UEM<\/p><\/td><\/tr><tr><td colspan=\"2\" rowspan=\"1\"><p><strong>\u00a0<\/strong><\/p><p><strong>\u00a0\u00a0\u00a0\u00a0\u00a0\u00a0 Servi\u00e7os<\/strong><\/p><\/td><\/tr><tr><td><p>\u00a0<\/p><\/td><td><p>O AHM presta os seguintes servi\u00e7os:<\/p><ol><li>Investiga\u00e7\u00e3o hist\u00f3rica e arquiv\u00edstica;<\/li><li>Avalia\u00e7\u00e3o e selec\u00e7\u00e3o de documentos;<\/li><li>Forma\u00e7\u00e3o e assist\u00eancia t\u00e9cnica em arquivos e gest\u00e3o de documentos;<\/li><li>Digitaliza\u00e7\u00e3o e microfilmagem;<\/li><li>Atendimento ao P\u00fablico ;<\/li><li>Editora\u00e7\u00e3o e promo\u00e7\u00e3o de eventos t\u00e9cnico-cient\u00edficos;<\/li><li>Reprografia e emiss\u00e3o de certid\u00f5es de nascimento, casamentos e \u00f3bitos, com base nos livros de registos dos anos 1865 a 1934.<\/li><\/ol><\/td><\/tr><\/tbody><\/table><p><strong>\u00a0<\/strong><\/p><p>\u00a0<\/p><p><br \/><br \/><\/p>\t\t\t\t\t\t\t\t<\/div>\n\t\t\t\t<\/div>\n\t\t\t\t\t<\/div>\n\t\t<\/div>\n\t\t\t\t\t<\/div>\n\t\t<\/section>\n\t\t\t\t<\/div>\n\t\t","protected":false},"excerpt":{"rendered":"<p>Arquivo Hist\u00f3rico de Mo\u00e7ambique O\u00a0Arquivo Hist\u00f3rico de Mo\u00e7ambique\u00a0foi criado pela Portaria 2267, de 27 de Junho de 1934, ligado \u00e0 biblioteca da Reparti\u00e7\u00e3o T\u00e9cnica de Estat\u00edstica com a miss\u00e3o de reunir alguns arquivos dispersos e organizar uma colec\u00e7\u00e3o bibliogr\u00e1fica sobre &hellip; <\/p>\n","protected":false},"author":1,"featured_media":0,"parent":0,"menu_order":0,"comment_status":"closed","ping_status":"closed","template":"elementor_header_footer","meta":{"footnotes":""},"class_list":["post-12282","page","type-page","status-publish","hentry"],"_links":{"self":[{"href":"https:\/\/site-teste.uem.mz\/index.php\/wp-json\/wp\/v2\/pages\/12282"}],"collection":[{"href":"https:\/\/site-teste.uem.mz\/index.php\/wp-json\/wp\/v2\/pages"}],"about":[{"href":"https:\/\/site-teste.uem.mz\/index.php\/wp-json\/wp\/v2\/types\/page"}],"author":[{"embeddable":true,"href":"https:\/\/site-teste.uem.mz\/index.php\/wp-json\/wp\/v2\/users\/1"}],"replies":[{"embeddable":true,"href":"https:\/\/site-teste.uem.mz\/index.php\/wp-json\/wp\/v2\/comments?post=12282"}],"version-history":[{"count":5,"href":"https:\/\/site-teste.uem.mz\/index.php\/wp-json\/wp\/v2\/pages\/12282\/revisions"}],"predecessor-version":[{"id":12292,"href":"https:\/\/site-teste.uem.mz\/index.php\/wp-json\/wp\/v2\/pages\/12282\/revisions\/12292"}],"wp:attachment":[{"href":"https:\/\/site-teste.uem.mz\/index.php\/wp-json\/wp\/v2\/media?parent=12282"}],"curies":[{"name":"wp","href":"https:\/\/api.w.org\/{rel}","templated":true}]}}