{"id":12150,"date":"2023-01-19T10:15:22","date_gmt":"2023-01-19T10:15:22","guid":{"rendered":"https:\/\/site-teste.uem.mz\/?page_id=12150"},"modified":"2023-06-07T10:41:50","modified_gmt":"2023-06-07T10:41:50","slug":"conselho-universitario","status":"publish","type":"page","link":"https:\/\/site-teste.uem.mz\/index.php\/conselho-universitario\/","title":{"rendered":"Conselho Universit\u00e1rio"},"content":{"rendered":"\t\t<div data-elementor-type=\"wp-page\" data-elementor-id=\"12150\" class=\"elementor elementor-12150\" data-elementor-settings=\"{&quot;ha_cmc_init_switcher&quot;:&quot;no&quot;}\" data-elementor-post-type=\"page\">\n\t\t\t\t\t\t<section class=\"elementor-section elementor-top-section elementor-element elementor-element-6193d13 elementor-section-boxed elementor-section-height-default elementor-section-height-default\" data-id=\"6193d13\" data-element_type=\"section\" data-e-type=\"section\" data-settings=\"{&quot;_ha_eqh_enable&quot;:false}\">\n\t\t\t\t\t\t<div class=\"elementor-container elementor-column-gap-default\">\n\t\t\t\t\t<div class=\"elementor-column elementor-col-100 elementor-top-column elementor-element elementor-element-8de3232\" data-id=\"8de3232\" data-element_type=\"column\" data-e-type=\"column\">\n\t\t\t<div class=\"elementor-widget-wrap elementor-element-populated\">\n\t\t\t\t\t\t<div class=\"elementor-element elementor-element-0ed4e4a elementor-widget elementor-widget-heading\" data-id=\"0ed4e4a\" data-element_type=\"widget\" data-e-type=\"widget\" data-widget_type=\"heading.default\">\n\t\t\t\t<div class=\"elementor-widget-container\">\n\t\t\t\t\t<h2 class=\"elementor-heading-title elementor-size-default\">Conselho Universit\u00e1rio<\/h2>\t\t\t\t<\/div>\n\t\t\t\t<\/div>\n\t\t\t\t<div class=\"elementor-element elementor-element-260371e elementor-widget elementor-widget-text-editor\" data-id=\"260371e\" data-element_type=\"widget\" data-e-type=\"widget\" data-widget_type=\"text-editor.default\">\n\t\t\t\t<div class=\"elementor-widget-container\">\n\t\t\t\t\t\t\t\t\t<p>O Conselho Universit\u00e1rio (CUN) \u00e9 o \u00f3rg\u00e3o superior da Universidade Eduardo Mondlane (UEM), sendo presidido pelo respectivo Reitor. O Plen\u00e1rio e o Secretariado s\u00e3o os \u00f3rg\u00e3os do CUN. O Plen\u00e1rio \u00e9 constitu\u00eddo por todos os membros efectivos do CUN.<\/p>\n<p>O CUN integra membros por iner\u00eancia de fun\u00e7\u00f5es (5), membros eleitos por grupos profissionais da Comunidade Universit\u00e1ria (14), membros designados pelo Governo (3) e membros convidados da sociedade civil (5). O mandato dos membros do CUN tem a dura\u00e7\u00e3o de tr\u00eas anos.&nbsp;<span style=\"color: var( --e-global-color-text ); font-family: var( --e-global-typography-text-font-family ), Sans-serif; font-weight: var( --e-global-typography-text-font-weight );\">O CUN re\u00fane ordinariamente tr\u00eas vezes por ano, e extraordinariamente, por iniciativa do seu Presidente ou a pedido de, pelo menos, um ter\u00e7o dos seus membros efectivos, sempre que haja assuntos urgentes.&nbsp;<\/span><span style=\"color: var( --e-global-color-text ); font-family: var( --e-global-typography-text-font-family ), Sans-serif; font-weight: var( --e-global-typography-text-font-weight );\">As delibera\u00e7\u00f5es do CUN s\u00e3o tomadas por consenso ou por vota\u00e7\u00e3o, bastando para a validade da delibera\u00e7\u00e3o a maioria de voto dos membros presentes.<\/span><\/p>\n<p><strong>Normas e regulamentos<\/strong><\/p>\n<table>\n<tbody>\n<tr>\n<td>\n<p>&nbsp;<a href=\"https:\/\/site-teste.uem.mz\/wp-content\/uploads\/2023\/03\/normas_ocolegiais-2.pdf\" target=\"_blank\" rel=\"noopener\">Normas Reguladoras do Processo de Tramita\u00e7\u00e3o das Propostas Submetidas aos \u00d3rg\u00e3os Colegiais<\/a><\/p>\n<p>&nbsp;<a href=\"https:\/\/site-teste.uem.mz\/wp-content\/uploads\/2023\/03\/reg_cun.pdf\" target=\"_blank\" rel=\"noopener\">Regulamento do Conselho Universit\u00e1rio<\/a><\/p>\n<\/td>\n<\/tr>\n<\/tbody>\n<\/table>\n<p><strong>Contactos<\/strong><\/p>\n<table>\n<tbody>\n<tr>\n<td>\n<p>Prof.Doutor Eliseu Mabasso&nbsp;<br>(Secret\u00e1rio do Conselho Universit\u00e1rio e Assessor do Reitor para os \u00d3rg\u00e3os Colegiais)<br>E-mail: eliseimabasso@gmail.com&nbsp; &nbsp; &nbsp; &nbsp; &nbsp; &nbsp; &nbsp; &nbsp; &nbsp; &nbsp; &nbsp; &nbsp; &nbsp; &nbsp; &nbsp; &nbsp; &nbsp; &nbsp; &nbsp; &nbsp;<br>Celular: 844 125158<\/p>\n<p>Sra.&nbsp;<a href=\"#\">Lili Dimene (Assistente)<\/a><br>celular: 84 380 2793<br>Fixo: 21 430 239 Extens\u00e3o: 255<\/p>\n<\/td>\n<\/tr>\n<\/tbody>\n<\/table>\t\t\t\t\t\t\t\t<\/div>\n\t\t\t\t<\/div>\n\t\t\t\t\t<\/div>\n\t\t<\/div>\n\t\t\t\t\t<\/div>\n\t\t<\/section>\n\t\t\t\t<\/div>\n\t\t","protected":false},"excerpt":{"rendered":"<p>Conselho Universit\u00e1rio O Conselho Universit\u00e1rio (CUN) \u00e9 o \u00f3rg\u00e3o superior da Universidade Eduardo Mondlane (UEM), sendo presidido pelo respectivo Reitor. O Plen\u00e1rio e o Secretariado s\u00e3o os \u00f3rg\u00e3os do CUN. O Plen\u00e1rio \u00e9 constitu\u00eddo por todos os membros efectivos do &hellip; <\/p>\n","protected":false},"author":1,"featured_media":0,"parent":0,"menu_order":0,"comment_status":"closed","ping_status":"closed","template":"elementor_header_footer","meta":{"footnotes":""},"class_list":["post-12150","page","type-page","status-publish","hentry"],"_links":{"self":[{"href":"https:\/\/site-teste.uem.mz\/index.php\/wp-json\/wp\/v2\/pages\/12150"}],"collection":[{"href":"https:\/\/site-teste.uem.mz\/index.php\/wp-json\/wp\/v2\/pages"}],"about":[{"href":"https:\/\/site-teste.uem.mz\/index.php\/wp-json\/wp\/v2\/types\/page"}],"author":[{"embeddable":true,"href":"https:\/\/site-teste.uem.mz\/index.php\/wp-json\/wp\/v2\/users\/1"}],"replies":[{"embeddable":true,"href":"https:\/\/site-teste.uem.mz\/index.php\/wp-json\/wp\/v2\/comments?post=12150"}],"version-history":[{"count":65,"href":"https:\/\/site-teste.uem.mz\/index.php\/wp-json\/wp\/v2\/pages\/12150\/revisions"}],"predecessor-version":[{"id":15867,"href":"https:\/\/site-teste.uem.mz\/index.php\/wp-json\/wp\/v2\/pages\/12150\/revisions\/15867"}],"wp:attachment":[{"href":"https:\/\/site-teste.uem.mz\/index.php\/wp-json\/wp\/v2\/media?parent=12150"}],"curies":[{"name":"wp","href":"https:\/\/api.w.org\/{rel}","templated":true}]}}