{"id":10990,"date":"2022-09-29T09:06:08","date_gmt":"2022-09-29T09:06:08","guid":{"rendered":"https:\/\/site-teste.uem.mz\/?page_id=10990"},"modified":"2023-03-08T09:29:01","modified_gmt":"2023-03-08T09:29:01","slug":"matricula-inscricao","status":"publish","type":"page","link":"https:\/\/site-teste.uem.mz\/index.php\/matricula-inscricao\/","title":{"rendered":"Taxa de matricula e Inscri\u00e7\u00e3o"},"content":{"rendered":"\t\t<div data-elementor-type=\"wp-page\" data-elementor-id=\"10990\" class=\"elementor elementor-10990\" data-elementor-settings=\"{&quot;ha_cmc_init_switcher&quot;:&quot;no&quot;}\" data-elementor-post-type=\"page\">\n\t\t\t\t\t\t<section class=\"elementor-section elementor-top-section elementor-element elementor-element-0ea5583 elementor-section-full_width elementor-section-stretched elementor-section-height-default elementor-section-height-default\" data-id=\"0ea5583\" data-element_type=\"section\" data-e-type=\"section\" data-settings=\"{&quot;stretch_section&quot;:&quot;section-stretched&quot;,&quot;background_background&quot;:&quot;slideshow&quot;,&quot;background_slideshow_gallery&quot;:[{&quot;id&quot;:10022,&quot;url&quot;:&quot;https:\\\/\\\/site-teste.uem.mz\\\/wp-content\\\/uploads\\\/2022\\\/07\\\/IMwebsite1.jpg&quot;},{&quot;id&quot;:10094,&quot;url&quot;:&quot;https:\\\/\\\/site-teste.uem.mz\\\/wp-content\\\/uploads\\\/2022\\\/07\\\/IMwebsite.jpg&quot;}],&quot;background_slideshow_loop&quot;:&quot;yes&quot;,&quot;background_slideshow_slide_duration&quot;:5000,&quot;background_slideshow_slide_transition&quot;:&quot;fade&quot;,&quot;background_slideshow_transition_duration&quot;:500,&quot;_ha_eqh_enable&quot;:false}\">\n\t\t\t\t\t\t\t<div class=\"elementor-background-overlay\"><\/div>\n\t\t\t\t\t\t\t<div class=\"elementor-container elementor-column-gap-default\">\n\t\t\t\t\t<div class=\"elementor-column elementor-col-100 elementor-top-column elementor-element elementor-element-9903bb2\" data-id=\"9903bb2\" data-element_type=\"column\" data-e-type=\"column\">\n\t\t\t<div class=\"elementor-widget-wrap elementor-element-populated\">\n\t\t\t\t\t\t<div class=\"elementor-element elementor-element-098d2b1 elementor-widget elementor-widget-theme-post-title elementor-page-title elementor-widget-heading\" data-id=\"098d2b1\" data-element_type=\"widget\" data-e-type=\"widget\" data-widget_type=\"theme-post-title.default\">\n\t\t\t\t<div class=\"elementor-widget-container\">\n\t\t\t\t\t<h1 class=\"elementor-heading-title elementor-size-default\">Taxa de matricula e Inscri\u00e7\u00e3o<\/h1>\t\t\t\t<\/div>\n\t\t\t\t<\/div>\n\t\t\t\t\t<\/div>\n\t\t<\/div>\n\t\t\t\t\t<\/div>\n\t\t<\/section>\n\t\t\t\t<section class=\"elementor-section elementor-top-section elementor-element elementor-element-f8f65df elementor-section-boxed elementor-section-height-default elementor-section-height-default\" data-id=\"f8f65df\" data-element_type=\"section\" data-e-type=\"section\" data-settings=\"{&quot;_ha_eqh_enable&quot;:false}\">\n\t\t\t\t\t\t<div class=\"elementor-container elementor-column-gap-default\">\n\t\t\t\t\t<div class=\"elementor-column elementor-col-100 elementor-top-column elementor-element elementor-element-6ca552c\" data-id=\"6ca552c\" data-element_type=\"column\" data-e-type=\"column\">\n\t\t\t<div class=\"elementor-widget-wrap elementor-element-populated\">\n\t\t\t\t\t\t<section class=\"elementor-section elementor-inner-section elementor-element elementor-element-4c03ea8 elementor-section-boxed elementor-section-height-default elementor-section-height-default\" data-id=\"4c03ea8\" data-element_type=\"section\" data-e-type=\"section\" data-settings=\"{&quot;_ha_eqh_enable&quot;:false}\">\n\t\t\t\t\t\t<div class=\"elementor-container elementor-column-gap-default\">\n\t\t\t\t\t<div class=\"elementor-column elementor-col-100 elementor-inner-column elementor-element elementor-element-f467e3b\" data-id=\"f467e3b\" data-element_type=\"column\" data-e-type=\"column\">\n\t\t\t<div class=\"elementor-widget-wrap elementor-element-populated\">\n\t\t\t\t\t\t<div class=\"elementor-element elementor-element-15d55b4 elementor-widget elementor-widget-text-editor\" data-id=\"15d55b4\" data-element_type=\"widget\" data-e-type=\"widget\" data-widget_type=\"text-editor.default\">\n\t\t\t\t<div class=\"elementor-widget-container\">\n\t\t\t\t\t\t\t\t\t<div id=\"source-order-container\">\n<div id=\"middle-column\">\n<div class=\"inside\">\n<div class=\"item-page item-page\">\n<p>A matr\u00edcula \u00e9 o \u201cacto pelo qual se confirma o ingresso na Universidade Eduardo Mondlane\u2026\u201d , ou seja, e mediante o acto da matr\u00edcula o candidato admitido de torna oficial e formalmente estudante da Universidade Eduardo Mondlane. Entretanto, este acto \u00e9 realizado em conformidade com procedimentos prescritos no Edital de Matr\u00edculas, publicado logo ap\u00f3s a publica\u00e7\u00e3o dos resultados dos exames de admiss\u00e3o.<\/p>\n<p>Por\u00e9m, no final de cada ano lectivo os estudantes dever\u00e3o proceder a actualiza\u00e7\u00e3o (renova\u00e7\u00e3o) da matr\u00edcula para o ano seguinte, mediante o pagamento da respectiva taxa , conforme Edital a ser publicado pela Direc\u00e7\u00e3o do Registo Acad\u00e9mico.<\/p>\n<p>A inscri\u00e7\u00e3o \u00e9 o \u201cacto pelo qual o estudante se regista nas disciplinas que pretende frequentar, precedido da actualiza\u00e7\u00e3o da matr\u00edcula.\u201d Este acto \u00e9 igualmente materializado pelo preenchimento do Boletim de Inscri\u00e7\u00e3o e pelo pagamento da respectiva taxa.<\/p>\n<p>\u00c9 importante destacar que \u00e9 a inscri\u00e7\u00e3o na disciplina que habilita o estudante a frequent\u00e1-la e, consequentemente, ser submetido a avalia\u00e7\u00f5es de frequ\u00eancia ao longo do respectivo semestre. De tal forma que, o estudante que n\u00e3o se inscreve n\u00e3o poder\u00e1 gozar do direito de frequentar a disciplina.<\/p>\n<p>Um outro dado n\u00e3o menos importante \u00e9 que este acto dever\u00e1, posteriormente, ser validado pelas respectivas Secretarias de Registo Acad\u00e9mico que, por sua vez, dever\u00e3o ter em conta o plano de estudos do curso, bem como o regime de preced\u00eancias estabelecido no plano curricular do curso. S\u00f3 depois de conclu\u00eddo este processo, ser\u00e3o emitidas as listas dos estudantes matriculado e inscritos. por cada turma, disciplina e curso.<br>TRANSFER\u00caNCIA<\/p>\n<p>O Artigo 1, nr. 1 do Regulamento Pedag\u00f3gico diz que o ingresso na Universidade Eduardo Mondlane est\u00e1 condicionada \u00e0 presta\u00e7\u00e3o de provas de exame de admiss\u00e3o. S\u00e3o excep\u00e7\u00f5es os casos de:<br>1. Iindiv\u00edduos abrangidos por acordos internacionais que os isentam dos exames de admiss\u00e3o e outras formas previstas na lei (Artigo 2) ;<br>2. Indiv\u00edduos que tenham frequentado ou se encontram a frequentar institui\u00e7\u00f5es do ensino superior (Artigo 3). O ponto 2 \u00e9 tratado com base no Despacho 018\/RT\/91, o qual estabelece as regras b\u00e1sicas a aplicar. O calend\u00e1rio acad\u00e9mico estabelece o per\u00edodo para a submiss\u00e3o dos pedidos de isen\u00e7\u00e3o de exame de admiss\u00e3o \u2013 geralmente entre Setembro de Outubro.<\/p>\n<p>A Direc\u00e7\u00e3o Pedag\u00f3gica \u00e9 o \u00f3rg\u00e3o que, na Universidade Eduardo Mondlane, se responsabiliza pela organiza\u00e7\u00e3o e coordena\u00e7\u00e3o do processo de admiss\u00f5es, quer por via de exames de admiss\u00e3o, quer por via de transfer\u00eancia.<\/p>\n<\/div>\n<\/div>\n<\/div>\n<\/div>\n<div id=\"right-column\">\n<div class=\"inside\">\n<div id=\"floatcontainer_floating_absolute\">\n<div id=\"floatdiv_floating_absolute\">\n<div class=\"col-module\">&nbsp;<\/div>\n<\/div>\n<\/div>\n<\/div>\n<\/div>\t\t\t\t\t\t\t\t<\/div>\n\t\t\t\t<\/div>\n\t\t\t\t\t<\/div>\n\t\t<\/div>\n\t\t\t\t\t<\/div>\n\t\t<\/section>\n\t\t\t\t\t<\/div>\n\t\t<\/div>\n\t\t\t\t\t<\/div>\n\t\t<\/section>\n\t\t\t\t<\/div>\n\t\t","protected":false},"excerpt":{"rendered":"<p>A matr\u00edcula \u00e9 o \u201cacto pelo qual se confirma o ingresso na Universidade Eduardo Mondlane\u2026\u201d , ou seja, e mediante o acto da matr\u00edcula o candidato admitido de torna oficial e formalmente estudante da Universidade Eduardo Mondlane. Entretanto, este acto &hellip; <\/p>\n","protected":false},"author":1,"featured_media":0,"parent":0,"menu_order":0,"comment_status":"closed","ping_status":"closed","template":"elementor_header_footer","meta":{"footnotes":""},"class_list":["post-10990","page","type-page","status-publish","hentry"],"_links":{"self":[{"href":"https:\/\/site-teste.uem.mz\/index.php\/wp-json\/wp\/v2\/pages\/10990"}],"collection":[{"href":"https:\/\/site-teste.uem.mz\/index.php\/wp-json\/wp\/v2\/pages"}],"about":[{"href":"https:\/\/site-teste.uem.mz\/index.php\/wp-json\/wp\/v2\/types\/page"}],"author":[{"embeddable":true,"href":"https:\/\/site-teste.uem.mz\/index.php\/wp-json\/wp\/v2\/users\/1"}],"replies":[{"embeddable":true,"href":"https:\/\/site-teste.uem.mz\/index.php\/wp-json\/wp\/v2\/comments?post=10990"}],"version-history":[{"count":7,"href":"https:\/\/site-teste.uem.mz\/index.php\/wp-json\/wp\/v2\/pages\/10990\/revisions"}],"predecessor-version":[{"id":14162,"href":"https:\/\/site-teste.uem.mz\/index.php\/wp-json\/wp\/v2\/pages\/10990\/revisions\/14162"}],"wp:attachment":[{"href":"https:\/\/site-teste.uem.mz\/index.php\/wp-json\/wp\/v2\/media?parent=10990"}],"curies":[{"name":"wp","href":"https:\/\/api.w.org\/{rel}","templated":true}]}}