{"id":10366,"date":"2022-09-02T10:52:33","date_gmt":"2022-09-02T10:52:33","guid":{"rendered":"https:\/\/site-teste.uem.mz\/?page_id=10366"},"modified":"2023-06-16T10:34:47","modified_gmt":"2023-06-16T10:34:47","slug":"reitoria-2","status":"publish","type":"page","link":"https:\/\/site-teste.uem.mz\/index.php\/reitoria-2\/","title":{"rendered":"Reitoria"},"content":{"rendered":"\t\t<div data-elementor-type=\"wp-page\" data-elementor-id=\"10366\" class=\"elementor elementor-10366\" data-elementor-settings=\"{&quot;ha_cmc_init_switcher&quot;:&quot;no&quot;}\" data-elementor-post-type=\"page\">\n\t\t\t\t\t\t<section class=\"elementor-section elementor-top-section elementor-element elementor-element-e192d3d elementor-section-boxed elementor-section-height-default elementor-section-height-default\" data-id=\"e192d3d\" data-element_type=\"section\" data-e-type=\"section\" data-settings=\"{&quot;_ha_eqh_enable&quot;:false}\">\n\t\t\t\t\t\t<div class=\"elementor-container elementor-column-gap-default\">\n\t\t\t\t\t<div class=\"elementor-column elementor-col-100 elementor-top-column elementor-element elementor-element-3c0dc47\" data-id=\"3c0dc47\" data-element_type=\"column\" data-e-type=\"column\">\n\t\t\t<div class=\"elementor-widget-wrap elementor-element-populated\">\n\t\t\t\t\t\t<div class=\"elementor-element elementor-element-fe97776 elementor-widget elementor-widget-heading\" data-id=\"fe97776\" data-element_type=\"widget\" data-e-type=\"widget\" data-widget_type=\"heading.default\">\n\t\t\t\t<div class=\"elementor-widget-container\">\n\t\t\t\t\t<h2 class=\"elementor-heading-title elementor-size-default\">Reitor da Universidade Eduardo Mondlane<\/h2>\t\t\t\t<\/div>\n\t\t\t\t<\/div>\n\t\t\t\t\t<\/div>\n\t\t<\/div>\n\t\t\t\t\t<\/div>\n\t\t<\/section>\n\t\t\t\t<section class=\"elementor-section elementor-top-section elementor-element elementor-element-8f11d55 elementor-section-boxed elementor-section-height-default elementor-section-height-default\" data-id=\"8f11d55\" data-element_type=\"section\" data-e-type=\"section\" data-settings=\"{&quot;_ha_eqh_enable&quot;:false}\">\n\t\t\t\t\t\t<div class=\"elementor-container elementor-column-gap-default\">\n\t\t\t\t\t<div class=\"elementor-column elementor-col-50 elementor-top-column elementor-element elementor-element-3bf0904\" data-id=\"3bf0904\" data-element_type=\"column\" data-e-type=\"column\">\n\t\t\t<div class=\"elementor-widget-wrap elementor-element-populated\">\n\t\t\t\t\t\t<div class=\"elementor-element elementor-element-2e428d2 elementor-widget__width-initial elementor-widget elementor-widget-image\" data-id=\"2e428d2\" data-element_type=\"widget\" data-e-type=\"widget\" data-widget_type=\"image.default\">\n\t\t\t\t<div class=\"elementor-widget-container\">\n\t\t\t\t\t\t\t\t\t\t\t\t\t\t\t<img fetchpriority=\"high\" decoding=\"async\" width=\"640\" height=\"640\" src=\"https:\/\/site-teste.uem.mz\/wp-content\/uploads\/2022\/06\/Guilherme-1024x1024.png\" class=\"attachment-large size-large wp-image-9653\" alt=\"\" srcset=\"https:\/\/site-teste.uem.mz\/wp-content\/uploads\/2022\/06\/Guilherme-1024x1024.png 1024w, https:\/\/site-teste.uem.mz\/wp-content\/uploads\/2022\/06\/Guilherme-150x150.png 150w, https:\/\/site-teste.uem.mz\/wp-content\/uploads\/2022\/06\/Guilherme-300x300.png 300w, https:\/\/site-teste.uem.mz\/wp-content\/uploads\/2022\/06\/Guilherme-100x100.png 100w, https:\/\/site-teste.uem.mz\/wp-content\/uploads\/2022\/06\/Guilherme-60x60.png 60w\" sizes=\"(max-width: 640px) 100vw, 640px\" \/>\t\t\t\t\t\t\t\t\t\t\t\t\t\t\t<\/div>\n\t\t\t\t<\/div>\n\t\t\t\t\t<\/div>\n\t\t<\/div>\n\t\t\t\t<div class=\"elementor-column elementor-col-50 elementor-top-column elementor-element elementor-element-fc8ee88\" data-id=\"fc8ee88\" data-element_type=\"column\" data-e-type=\"column\">\n\t\t\t<div class=\"elementor-widget-wrap elementor-element-populated\">\n\t\t\t\t\t\t<div class=\"elementor-element elementor-element-e070338 elementor-widget__width-initial elementor-widget elementor-widget-text-editor\" data-id=\"e070338\" data-element_type=\"widget\" data-e-type=\"widget\" data-widget_type=\"text-editor.default\">\n\t\t\t\t<div class=\"elementor-widget-container\">\n\t\t\t\t\t\t\t\t\t<p>Manuel Guilherme J\u00fanior \u00e9 Doutorado em Direito, pela Universidade Eduardo Mondlane (2019); \u00c9 Mestre e P\u00f3s-Graduado em Direito Comercial Internacional, pela Faculdade de Direito da Universidade de Macau (2008); Licenciado em Direito, pela Faculdade de Direito da UEM (2005).<br \/>At\u00e9 \u00e0 data da sua nomea\u00e7\u00e3o para Reitor, ocupava o cargo de director do Gabinete de Coopera\u00e7\u00e3o da UEM. Foi director do Centro de Estudos sobre o Direito da Integra\u00e7\u00e3o Regional da UEM; director da Faculdade de Ci\u00eancias Sociais e Humanidades da Universidade Zambeze, na Beira, e Coordenador do Curso de Direito na Faculdade de Economia e Gest\u00e3o da Universidade Cat\u00f3lica na Beira.<\/p><p><span style=\"color: var( --e-global-color-text ); font-family: var( --e-global-typography-text-font-family ), Sans-serif; font-weight: var( --e-global-typography-text-font-weight );\">\u00c9 docente e investigador na Faculdade de Direito da UEM.<\/span><span style=\"color: var( --e-global-color-text ); font-family: var( --e-global-typography-text-font-family ), Sans-serif; font-weight: var( --e-global-typography-text-font-weight );\">Publicou o Manual de Direito Comercial Mo\u00e7ambicano Vol. I (2003); o livro \u201cRegime Jur\u00eddico do Estado de Emerg\u00eancia em Mo\u00e7ambique\u201d (2020). \u00c9 igualmente autor de v\u00e1rios artigos como: Protec\u00e7\u00e3o Jur\u00eddica do DUAT em Mo\u00e7ambique (2011), Revista da Faculdade de Direito da Universidade de Macau; Acordos Multilaterais Ambientais e a Facilita\u00e7\u00e3o do Com\u00e9rcio Internacional (2014; The COMESA- SADC-EAC Tripartite Free Trade Area: New Regionalism and Lessons from the European Union (2016), Way-ZEI Paper nr. 29, Center for European Integration Studies.<\/span><\/p>\t\t\t\t\t\t\t\t<\/div>\n\t\t\t\t<\/div>\n\t\t\t\t\t<\/div>\n\t\t<\/div>\n\t\t\t\t\t<\/div>\n\t\t<\/section>\n\t\t\t\t<section class=\"elementor-section elementor-top-section elementor-element elementor-element-f8d0e59 elementor-section-boxed elementor-section-height-default elementor-section-height-default\" data-id=\"f8d0e59\" data-element_type=\"section\" data-e-type=\"section\" data-settings=\"{&quot;_ha_eqh_enable&quot;:false}\">\n\t\t\t\t\t\t<div class=\"elementor-container elementor-column-gap-default\">\n\t\t\t\t\t<div class=\"elementor-column elementor-col-33 elementor-top-column elementor-element elementor-element-1f6590e\" data-id=\"1f6590e\" data-element_type=\"column\" data-e-type=\"column\">\n\t\t\t<div class=\"elementor-widget-wrap elementor-element-populated\">\n\t\t\t\t\t\t<div class=\"elementor-element elementor-element-3fa744b elementor-widget elementor-widget-button\" data-id=\"3fa744b\" data-element_type=\"widget\" data-e-type=\"widget\" data-widget_type=\"button.default\">\n\t\t\t\t<div class=\"elementor-widget-container\">\n\t\t\t\t\t\t\t\t\t<div class=\"elementor-button-wrapper\">\n\t\t\t\t\t<a class=\"elementor-button elementor-button-link elementor-size-md\" href=\"http:\/\/www.cecoma.uem.mz\/fr\/\">\n\t\t\t\t\t\t<span class=\"elementor-button-content-wrapper\">\n\t\t\t\t\t\t\t\t\t<span class=\"elementor-button-text\">Fale no Reitor<\/span>\n\t\t\t\t\t<\/span>\n\t\t\t\t\t<\/a>\n\t\t\t\t<\/div>\n\t\t\t\t\t\t\t\t<\/div>\n\t\t\t\t<\/div>\n\t\t\t\t\t<\/div>\n\t\t<\/div>\n\t\t\t\t<div class=\"elementor-column elementor-col-33 elementor-top-column elementor-element elementor-element-aeb5d87\" data-id=\"aeb5d87\" data-element_type=\"column\" data-e-type=\"column\">\n\t\t\t<div class=\"elementor-widget-wrap elementor-element-populated\">\n\t\t\t\t\t\t<div class=\"elementor-element elementor-element-4019ddd elementor-widget elementor-widget-button\" data-id=\"4019ddd\" data-element_type=\"widget\" data-e-type=\"widget\" data-widget_type=\"button.default\">\n\t\t\t\t<div class=\"elementor-widget-container\">\n\t\t\t\t\t\t\t\t\t<div class=\"elementor-button-wrapper\">\n\t\t\t\t\t<a class=\"elementor-button elementor-button-link elementor-size-md\" href=\"#\">\n\t\t\t\t\t\t<span class=\"elementor-button-content-wrapper\">\n\t\t\t\t\t\t\t\t\t<span class=\"elementor-button-text\">Informe do Reitor<\/span>\n\t\t\t\t\t<\/span>\n\t\t\t\t\t<\/a>\n\t\t\t\t<\/div>\n\t\t\t\t\t\t\t\t<\/div>\n\t\t\t\t<\/div>\n\t\t\t\t\t<\/div>\n\t\t<\/div>\n\t\t\t\t<div class=\"elementor-column elementor-col-33 elementor-top-column elementor-element elementor-element-37d92fe\" data-id=\"37d92fe\" data-element_type=\"column\" data-e-type=\"column\">\n\t\t\t<div class=\"elementor-widget-wrap elementor-element-populated\">\n\t\t\t\t\t\t<div class=\"elementor-element elementor-element-e53489c elementor-widget elementor-widget-button\" data-id=\"e53489c\" data-element_type=\"widget\" data-e-type=\"widget\" data-widget_type=\"button.default\">\n\t\t\t\t<div class=\"elementor-widget-container\">\n\t\t\t\t\t\t\t\t\t<div class=\"elementor-button-wrapper\">\n\t\t\t\t\t<a class=\"elementor-button elementor-button-link elementor-size-md\" href=\"#\">\n\t\t\t\t\t\t<span class=\"elementor-button-content-wrapper\">\n\t\t\t\t\t\t\t\t\t<span class=\"elementor-button-text\">Compet\u00eancias do Reitor da UEM<\/span>\n\t\t\t\t\t<\/span>\n\t\t\t\t\t<\/a>\n\t\t\t\t<\/div>\n\t\t\t\t\t\t\t\t<\/div>\n\t\t\t\t<\/div>\n\t\t\t\t\t<\/div>\n\t\t<\/div>\n\t\t\t\t\t<\/div>\n\t\t<\/section>\n\t\t\t\t<section class=\"elementor-section elementor-top-section elementor-element elementor-element-4c1c04a elementor-section-boxed elementor-section-height-default elementor-section-height-default\" data-id=\"4c1c04a\" data-element_type=\"section\" data-e-type=\"section\" data-settings=\"{&quot;_ha_eqh_enable&quot;:false}\">\n\t\t\t\t\t\t<div class=\"elementor-container elementor-column-gap-default\">\n\t\t\t\t\t<div class=\"elementor-column elementor-col-100 elementor-top-column elementor-element elementor-element-455dda6\" data-id=\"455dda6\" data-element_type=\"column\" data-e-type=\"column\">\n\t\t\t<div class=\"elementor-widget-wrap elementor-element-populated\">\n\t\t\t\t\t\t<div class=\"elementor-element elementor-element-9ffbe00 elementor-widget elementor-widget-heading\" data-id=\"9ffbe00\" data-element_type=\"widget\" data-e-type=\"widget\" data-widget_type=\"heading.default\">\n\t\t\t\t<div class=\"elementor-widget-container\">\n\t\t\t\t\t<h2 class=\"elementor-heading-title elementor-size-default\">Vice-Reitores da Universidade Eduardo Mondlane<\/h2>\t\t\t\t<\/div>\n\t\t\t\t<\/div>\n\t\t\t\t\t<\/div>\n\t\t<\/div>\n\t\t\t\t\t<\/div>\n\t\t<\/section>\n\t\t\t\t<section class=\"elementor-section elementor-top-section elementor-element elementor-element-89df4a5 elementor-section-boxed elementor-section-height-default elementor-section-height-default\" data-id=\"89df4a5\" data-element_type=\"section\" data-e-type=\"section\" data-settings=\"{&quot;_ha_eqh_enable&quot;:false}\">\n\t\t\t\t\t\t<div class=\"elementor-container elementor-column-gap-default\">\n\t\t\t\t\t<div class=\"elementor-column elementor-col-50 elementor-top-column elementor-element elementor-element-e777f5f\" data-id=\"e777f5f\" data-element_type=\"column\" data-e-type=\"column\">\n\t\t\t<div class=\"elementor-widget-wrap elementor-element-populated\">\n\t\t\t\t\t\t<div class=\"elementor-element elementor-element-2e07a41 elementor-widget__width-initial elementor-widget elementor-widget-image\" data-id=\"2e07a41\" data-element_type=\"widget\" data-e-type=\"widget\" data-widget_type=\"image.default\">\n\t\t\t\t<div class=\"elementor-widget-container\">\n\t\t\t\t\t\t\t\t\t\t\t\t\t\t\t<img decoding=\"async\" width=\"640\" height=\"640\" src=\"https:\/\/site-teste.uem.mz\/wp-content\/uploads\/2023\/03\/Amalia-1024x1024.png\" class=\"attachment-large size-large wp-image-14420\" alt=\"\" srcset=\"https:\/\/site-teste.uem.mz\/wp-content\/uploads\/2023\/03\/Amalia-1024x1024.png 1024w, https:\/\/site-teste.uem.mz\/wp-content\/uploads\/2023\/03\/Amalia-150x150.png 150w, https:\/\/site-teste.uem.mz\/wp-content\/uploads\/2023\/03\/Amalia-100x100.png 100w, https:\/\/site-teste.uem.mz\/wp-content\/uploads\/2023\/03\/Amalia-300x300.png 300w\" sizes=\"(max-width: 640px) 100vw, 640px\" \/>\t\t\t\t\t\t\t\t\t\t\t\t\t\t\t<\/div>\n\t\t\t\t<\/div>\n\t\t\t\t\t<\/div>\n\t\t<\/div>\n\t\t\t\t<div class=\"elementor-column elementor-col-50 elementor-top-column elementor-element elementor-element-ff794a5\" data-id=\"ff794a5\" data-element_type=\"column\" data-e-type=\"column\">\n\t\t\t<div class=\"elementor-widget-wrap elementor-element-populated\">\n\t\t\t\t\t\t<div class=\"elementor-element elementor-element-dba1720 elementor-widget__width-initial elementor-widget elementor-widget-image\" data-id=\"dba1720\" data-element_type=\"widget\" data-e-type=\"widget\" data-widget_type=\"image.default\">\n\t\t\t\t<div class=\"elementor-widget-container\">\n\t\t\t\t\t\t\t\t\t\t\t\t\t\t\t<img decoding=\"async\" width=\"640\" height=\"930\" src=\"https:\/\/site-teste.uem.mz\/wp-content\/uploads\/2023\/03\/Vice-Reitor-2-705x1024.jpg\" class=\"attachment-large size-large wp-image-14424\" alt=\"\" srcset=\"https:\/\/site-teste.uem.mz\/wp-content\/uploads\/2023\/03\/Vice-Reitor-2-705x1024.jpg 705w, https:\/\/site-teste.uem.mz\/wp-content\/uploads\/2023\/03\/Vice-Reitor-2-206x300.jpg 206w, https:\/\/site-teste.uem.mz\/wp-content\/uploads\/2023\/03\/Vice-Reitor-2-768x1116.jpg 768w, https:\/\/site-teste.uem.mz\/wp-content\/uploads\/2023\/03\/Vice-Reitor-2-1057x1536.jpg 1057w, https:\/\/site-teste.uem.mz\/wp-content\/uploads\/2023\/03\/Vice-Reitor-2-1409x2048.jpg 1409w, https:\/\/site-teste.uem.mz\/wp-content\/uploads\/2023\/03\/Vice-Reitor-2-600x872.jpg 600w, https:\/\/site-teste.uem.mz\/wp-content\/uploads\/2023\/03\/Vice-Reitor-2.jpg 1445w\" sizes=\"(max-width: 640px) 100vw, 640px\" \/>\t\t\t\t\t\t\t\t\t\t\t\t\t\t\t<\/div>\n\t\t\t\t<\/div>\n\t\t\t\t\t<\/div>\n\t\t<\/div>\n\t\t\t\t\t<\/div>\n\t\t<\/section>\n\t\t\t\t<\/div>\n\t\t","protected":false},"excerpt":{"rendered":"<p>Reitor da Universidade Eduardo Mondlane Manuel Guilherme J\u00fanior \u00e9 Doutorado em Direito, pela Universidade Eduardo Mondlane (2019); \u00c9 Mestre e P\u00f3s-Graduado em Direito Comercial Internacional, pela Faculdade de Direito da Universidade de Macau (2008); Licenciado em Direito, pela Faculdade de &hellip; <\/p>\n","protected":false},"author":1,"featured_media":0,"parent":0,"menu_order":0,"comment_status":"closed","ping_status":"closed","template":"elementor_header_footer","meta":{"footnotes":""},"class_list":["post-10366","page","type-page","status-publish","hentry"],"_links":{"self":[{"href":"https:\/\/site-teste.uem.mz\/index.php\/wp-json\/wp\/v2\/pages\/10366"}],"collection":[{"href":"https:\/\/site-teste.uem.mz\/index.php\/wp-json\/wp\/v2\/pages"}],"about":[{"href":"https:\/\/site-teste.uem.mz\/index.php\/wp-json\/wp\/v2\/types\/page"}],"author":[{"embeddable":true,"href":"https:\/\/site-teste.uem.mz\/index.php\/wp-json\/wp\/v2\/users\/1"}],"replies":[{"embeddable":true,"href":"https:\/\/site-teste.uem.mz\/index.php\/wp-json\/wp\/v2\/comments?post=10366"}],"version-history":[{"count":65,"href":"https:\/\/site-teste.uem.mz\/index.php\/wp-json\/wp\/v2\/pages\/10366\/revisions"}],"predecessor-version":[{"id":15976,"href":"https:\/\/site-teste.uem.mz\/index.php\/wp-json\/wp\/v2\/pages\/10366\/revisions\/15976"}],"wp:attachment":[{"href":"https:\/\/site-teste.uem.mz\/index.php\/wp-json\/wp\/v2\/media?parent=10366"}],"curies":[{"name":"wp","href":"https:\/\/api.w.org\/{rel}","templated":true}]}}