{"id":10354,"date":"2022-09-02T10:28:02","date_gmt":"2022-09-02T10:28:02","guid":{"rendered":"https:\/\/site-teste.uem.mz\/?page_id=10354"},"modified":"2023-10-14T07:48:09","modified_gmt":"2023-10-14T07:48:09","slug":"simbolos-da-uem","status":"publish","type":"page","link":"https:\/\/site-teste.uem.mz\/index.php\/simbolos-da-uem\/","title":{"rendered":"Simbolos da UEM"},"content":{"rendered":"\t\t<div data-elementor-type=\"wp-page\" data-elementor-id=\"10354\" class=\"elementor elementor-10354\" data-elementor-settings=\"{&quot;ha_cmc_init_switcher&quot;:&quot;no&quot;}\" data-elementor-post-type=\"page\">\n\t\t\t\t\t\t<section class=\"elementor-section elementor-top-section elementor-element elementor-element-cc2f8f6 elementor-section-boxed elementor-section-height-default elementor-section-height-default\" data-id=\"cc2f8f6\" data-element_type=\"section\" data-e-type=\"section\" data-settings=\"{&quot;_ha_eqh_enable&quot;:false}\">\n\t\t\t\t\t\t<div class=\"elementor-container elementor-column-gap-default\">\n\t\t\t\t\t<div class=\"elementor-column elementor-col-100 elementor-top-column elementor-element elementor-element-1b4646f\" data-id=\"1b4646f\" data-element_type=\"column\" data-e-type=\"column\">\n\t\t\t<div class=\"elementor-widget-wrap elementor-element-populated\">\n\t\t\t\t\t\t<div class=\"elementor-element elementor-element-6dc0408 elementor-widget elementor-widget-heading\" data-id=\"6dc0408\" data-element_type=\"widget\" data-e-type=\"widget\" data-widget_type=\"heading.default\">\n\t\t\t\t<div class=\"elementor-widget-container\">\n\t\t\t\t\t<h2 class=\"elementor-heading-title elementor-size-default\"><br>S\u00edmbolos da UEM<\/h2>\t\t\t\t<\/div>\n\t\t\t\t<\/div>\n\t\t\t\t<div class=\"elementor-element elementor-element-2a01cd0 elementor-widget elementor-widget-text-editor\" data-id=\"2a01cd0\" data-element_type=\"widget\" data-e-type=\"widget\" data-widget_type=\"text-editor.default\">\n\t\t\t\t<div class=\"elementor-widget-container\">\n\t\t\t\t\t\t\t\t\t<p><span style=\"color: var( --e-global-color-text ); font-family: var( --e-global-typography-text-font-family ), Sans-serif; font-weight: var( --e-global-typography-text-font-weight ); font-size: 15px;\">Constituem S\u00edmbolos da Universidade Eduardo Mondlane, de acordo com a hierarquia que se segue:<\/span><\/p>\t\t\t\t\t\t\t\t<\/div>\n\t\t\t\t<\/div>\n\t\t\t\t\t<\/div>\n\t\t<\/div>\n\t\t\t\t\t<\/div>\n\t\t<\/section>\n\t\t\t\t<section class=\"elementor-section elementor-top-section elementor-element elementor-element-f681035 elementor-section-boxed elementor-section-height-default elementor-section-height-default\" data-id=\"f681035\" data-element_type=\"section\" data-e-type=\"section\" data-settings=\"{&quot;_ha_eqh_enable&quot;:false}\">\n\t\t\t\t\t\t<div class=\"elementor-container elementor-column-gap-default\">\n\t\t\t\t\t<div class=\"elementor-column elementor-col-50 elementor-top-column elementor-element elementor-element-93acdcd\" data-id=\"93acdcd\" data-element_type=\"column\" data-e-type=\"column\">\n\t\t\t<div class=\"elementor-widget-wrap elementor-element-populated\">\n\t\t\t\t\t\t<div class=\"elementor-element elementor-element-0623cc0 elementor-widget elementor-widget-heading\" data-id=\"0623cc0\" data-element_type=\"widget\" data-e-type=\"widget\" data-widget_type=\"heading.default\">\n\t\t\t\t<div class=\"elementor-widget-container\">\n\t\t\t\t\t<h4 class=\"elementor-heading-title elementor-size-default\">Bandeira da UEM<\/h4>\t\t\t\t<\/div>\n\t\t\t\t<\/div>\n\t\t\t\t<div class=\"elementor-element elementor-element-d2278d5 elementor-widget elementor-widget-text-editor\" data-id=\"d2278d5\" data-element_type=\"widget\" data-e-type=\"widget\" data-widget_type=\"text-editor.default\">\n\t\t\t\t<div class=\"elementor-widget-container\">\n\t\t\t\t\t\t\t\t\t<p><span style=\"color: var( --e-global-color-text ); font-family: var( --e-global-typography-text-font-family ), Sans-serif; font-weight: var( --e-global-typography-text-font-weight );\">A bandeira da Universidade Eduardo Mondlane, em todas as cerim\u00f3nias p\u00fablicas ou oficiais realizadas em espa\u00e7os da UEM, deve ocupar lugares de honra<\/span>:<\/p>\t\t\t\t\t\t\t\t<\/div>\n\t\t\t\t<\/div>\n\t\t\t\t<div class=\"elementor-element elementor-element-6385c4d elementor-widget elementor-widget-text-editor\" data-id=\"6385c4d\" data-element_type=\"widget\" data-e-type=\"widget\" data-widget_type=\"text-editor.default\">\n\t\t\t\t<div class=\"elementor-widget-container\">\n\t\t\t\t\t\t\t\t\t<ol>\n<li><span style=\"color: var( --e-global-color-text ); font-family: var( --e-global-typography-text-font-family ), Sans-serif; font-weight: var( --e-global-typography-text-font-weight );\">A bandeira da Universidade Eduardo Mondlane \u00e9 usada em todas as manifesta\u00e7\u00f5es da comunidade universit\u00e1ria de car\u00e1cter oficial.<\/span><br><\/li>\n<li>\u00c9 obrigat\u00f3rio o uso da bandeira em cerim\u00f3nias de dimens\u00e3o institucional em que participa o Reitor ou seu representante.<\/li>\n<li>A bandeira deve estar permanentemente presente na sala magna de reuni\u00f5es dirigidas pelo Reitor ou seu representante.<\/li>\n<li>A bandeira deve estar hasteada nos espa\u00e7os acordados e definidos pelas unidades org\u00e2nicas e servi\u00e7os da UEM.<\/li>\n<li>A bandeira \u00e9 usada para cobertura de urnas em cerim\u00f3nias f\u00fanebres previstas no Manual de Cerimonial e Protocolo da Universidade Eduardo Mondlane.<\/li>\n<\/ol>\t\t\t\t\t\t\t\t<\/div>\n\t\t\t\t<\/div>\n\t\t\t\t\t<\/div>\n\t\t<\/div>\n\t\t\t\t<div class=\"elementor-column elementor-col-50 elementor-top-column elementor-element elementor-element-1e64f4f\" data-id=\"1e64f4f\" data-element_type=\"column\" data-e-type=\"column\" data-settings=\"{&quot;background_background&quot;:&quot;classic&quot;}\">\n\t\t\t<div class=\"elementor-widget-wrap elementor-element-populated\">\n\t\t\t\t\t\t<div class=\"elementor-element elementor-element-414b98f elementor-widget elementor-widget-image\" data-id=\"414b98f\" data-element_type=\"widget\" data-e-type=\"widget\" data-widget_type=\"image.default\">\n\t\t\t\t<div class=\"elementor-widget-container\">\n\t\t\t\t\t\t\t\t\t\t\t\t\t\t\t<img fetchpriority=\"high\" decoding=\"async\" width=\"300\" height=\"210\" src=\"https:\/\/site-teste.uem.mz\/wp-content\/uploads\/2022\/09\/bandeira-300x210.jpg\" class=\"attachment-medium size-medium wp-image-10843\" alt=\"\" srcset=\"https:\/\/site-teste.uem.mz\/wp-content\/uploads\/2022\/09\/bandeira-300x210.jpg 300w, https:\/\/site-teste.uem.mz\/wp-content\/uploads\/2022\/09\/bandeira-600x420.jpg 600w, https:\/\/site-teste.uem.mz\/wp-content\/uploads\/2022\/09\/bandeira.jpg 648w\" sizes=\"(max-width: 300px) 100vw, 300px\" \/>\t\t\t\t\t\t\t\t\t\t\t\t\t\t\t<\/div>\n\t\t\t\t<\/div>\n\t\t\t\t\t<\/div>\n\t\t<\/div>\n\t\t\t\t\t<\/div>\n\t\t<\/section>\n\t\t\t\t<section class=\"elementor-section elementor-top-section elementor-element elementor-element-cb02a3a elementor-section-boxed elementor-section-height-default elementor-section-height-default\" data-id=\"cb02a3a\" data-element_type=\"section\" data-e-type=\"section\" data-settings=\"{&quot;_ha_eqh_enable&quot;:false}\">\n\t\t\t\t\t\t<div class=\"elementor-container elementor-column-gap-default\">\n\t\t\t\t\t<div class=\"elementor-column elementor-col-50 elementor-top-column elementor-element elementor-element-c34ffc0\" data-id=\"c34ffc0\" data-element_type=\"column\" data-e-type=\"column\" data-settings=\"{&quot;background_background&quot;:&quot;classic&quot;}\">\n\t\t\t<div class=\"elementor-widget-wrap elementor-element-populated\">\n\t\t\t\t\t\t<div class=\"elementor-element elementor-element-e5126dd elementor-widget elementor-widget-heading\" data-id=\"e5126dd\" data-element_type=\"widget\" data-e-type=\"widget\" data-widget_type=\"heading.default\">\n\t\t\t\t<div class=\"elementor-widget-container\">\n\t\t\t\t\t<h4 class=\"elementor-heading-title elementor-size-default\">Emblema<\/h4>\t\t\t\t<\/div>\n\t\t\t\t<\/div>\n\t\t\t\t<div class=\"elementor-element elementor-element-fc3585b elementor-widget elementor-widget-text-editor\" data-id=\"fc3585b\" data-element_type=\"widget\" data-e-type=\"widget\" data-widget_type=\"text-editor.default\">\n\t\t\t\t<div class=\"elementor-widget-container\">\n\t\t\t\t\t\t\t\t\t<p>O emblema \u00e9 um S\u00edmbolo solene da Universidade Eduardo Mondlane, que deve ser usado em:<\/p>\t\t\t\t\t\t\t\t<\/div>\n\t\t\t\t<\/div>\n\t\t\t\t<div class=\"elementor-element elementor-element-f9b895c elementor-widget elementor-widget-text-editor\" data-id=\"f9b895c\" data-element_type=\"widget\" data-e-type=\"widget\" data-widget_type=\"text-editor.default\">\n\t\t\t\t<div class=\"elementor-widget-container\">\n\t\t\t\t\t\t\t\t\t<ol type=\"a\"><li>Placas de identifica\u00e7\u00e3o do edif\u00edcio da Reitoria da Universidade Eduardo Mondlane;<\/li><li>Diplomas;<\/li><li>Certificados;<\/li><li>Estandartes;<\/li><li>Em comunica\u00e7\u00e3o oficial da Universidade Eduardo Mondlane e outros impressos de uso exclusivo da reitoria.<\/li><\/ol><p>Excepcionalmente, o emblema da Universidade Eduardo Mondlane poder\u00e1 ser usado fora dos casos previstos nesta Regulamenta\u00e7\u00e3o, mediante pr\u00e9via autoriza\u00e7\u00e3o do Reitor.<\/p>\t\t\t\t\t\t\t\t<\/div>\n\t\t\t\t<\/div>\n\t\t\t\t\t<\/div>\n\t\t<\/div>\n\t\t\t\t<div class=\"elementor-column elementor-col-50 elementor-top-column elementor-element elementor-element-81f5150\" data-id=\"81f5150\" data-element_type=\"column\" data-e-type=\"column\">\n\t\t\t<div class=\"elementor-widget-wrap elementor-element-populated\">\n\t\t\t\t\t\t<div class=\"elementor-element elementor-element-e1e69b3 elementor-widget elementor-widget-image\" data-id=\"e1e69b3\" data-element_type=\"widget\" data-e-type=\"widget\" data-widget_type=\"image.default\">\n\t\t\t\t<div class=\"elementor-widget-container\">\n\t\t\t\t\t\t\t\t\t\t\t\t\t\t\t<img decoding=\"async\" width=\"260\" height=\"300\" src=\"https:\/\/site-teste.uem.mz\/wp-content\/uploads\/2022\/09\/3.Emblema-1-260x300.png\" class=\"attachment-medium size-medium wp-image-10875\" alt=\"\" srcset=\"https:\/\/site-teste.uem.mz\/wp-content\/uploads\/2022\/09\/3.Emblema-1-260x300.png 260w, https:\/\/site-teste.uem.mz\/wp-content\/uploads\/2022\/09\/3.Emblema-1-887x1024.png 887w, https:\/\/site-teste.uem.mz\/wp-content\/uploads\/2022\/09\/3.Emblema-1-768x886.png 768w, https:\/\/site-teste.uem.mz\/wp-content\/uploads\/2022\/09\/3.Emblema-1-600x692.png 600w, https:\/\/site-teste.uem.mz\/wp-content\/uploads\/2022\/09\/3.Emblema-1.png 988w\" sizes=\"(max-width: 260px) 100vw, 260px\" \/>\t\t\t\t\t\t\t\t\t\t\t\t\t\t\t<\/div>\n\t\t\t\t<\/div>\n\t\t\t\t\t<\/div>\n\t\t<\/div>\n\t\t\t\t\t<\/div>\n\t\t<\/section>\n\t\t\t\t<section class=\"elementor-section elementor-top-section elementor-element elementor-element-2330025 elementor-section-boxed elementor-section-height-default elementor-section-height-default\" data-id=\"2330025\" data-element_type=\"section\" data-e-type=\"section\" data-settings=\"{&quot;_ha_eqh_enable&quot;:false}\">\n\t\t\t\t\t\t<div class=\"elementor-container elementor-column-gap-default\">\n\t\t\t\t\t<div class=\"elementor-column elementor-col-50 elementor-top-column elementor-element elementor-element-52aaa38\" data-id=\"52aaa38\" data-element_type=\"column\" data-e-type=\"column\">\n\t\t\t<div class=\"elementor-widget-wrap elementor-element-populated\">\n\t\t\t\t\t\t<div class=\"elementor-element elementor-element-c954617 elementor-widget elementor-widget-heading\" data-id=\"c954617\" data-element_type=\"widget\" data-e-type=\"widget\" data-widget_type=\"heading.default\">\n\t\t\t\t<div class=\"elementor-widget-container\">\n\t\t\t\t\t<h4 class=\"elementor-heading-title elementor-size-default\">Log\u00f3tipo<\/h4>\t\t\t\t<\/div>\n\t\t\t\t<\/div>\n\t\t\t\t<div class=\"elementor-element elementor-element-6fac5fe elementor-widget elementor-widget-text-editor\" data-id=\"6fac5fe\" data-element_type=\"widget\" data-e-type=\"widget\" data-widget_type=\"text-editor.default\">\n\t\t\t\t<div class=\"elementor-widget-container\">\n\t\t\t\t\t\t\t\t\t<p>O log\u00f3tipo \u00e9 o s\u00edmbolo de uso e identificativo das Unidades Org\u00e2nicas da Universidade Eduardo Mondlane, devendo ser usado em:<\/p>\t\t\t\t\t\t\t\t<\/div>\n\t\t\t\t<\/div>\n\t\t\t\t<div class=\"elementor-element elementor-element-2bd7711 elementor-widget elementor-widget-text-editor\" data-id=\"2bd7711\" data-element_type=\"widget\" data-e-type=\"widget\" data-widget_type=\"text-editor.default\">\n\t\t\t\t<div class=\"elementor-widget-container\">\n\t\t\t\t\t\t\t\t\t<ol type=\"a\"><li>Cart\u00f5es-de-visita;<\/li><li>Papel Timbrado;<\/li><li>Envelopes;<\/li><li>Brindes;<\/li><li>Panfletos;<\/li><li>Brochuras;<\/li><li>Material de difus\u00e3o da imagem institucional e de divulga\u00e7\u00e3o de eventos;<\/li><li>Publica\u00e7\u00f5es;<\/li><li>Brochuras oficiais;<\/li><li>Outros impressos institucionaiss<\/li><\/ol>\t\t\t\t\t\t\t\t<\/div>\n\t\t\t\t<\/div>\n\t\t\t\t\t<\/div>\n\t\t<\/div>\n\t\t\t\t<div class=\"elementor-column elementor-col-50 elementor-top-column elementor-element elementor-element-e0676e6\" data-id=\"e0676e6\" data-element_type=\"column\" data-e-type=\"column\" data-settings=\"{&quot;background_background&quot;:&quot;classic&quot;}\">\n\t\t\t<div class=\"elementor-widget-wrap elementor-element-populated\">\n\t\t\t\t\t\t<div class=\"elementor-element elementor-element-28cef79 elementor-widget elementor-widget-image\" data-id=\"28cef79\" data-element_type=\"widget\" data-e-type=\"widget\" data-widget_type=\"image.default\">\n\t\t\t\t<div class=\"elementor-widget-container\">\n\t\t\t\t\t\t\t\t\t\t\t\t\t\t\t<img decoding=\"async\" width=\"212\" height=\"300\" src=\"https:\/\/site-teste.uem.mz\/wp-content\/uploads\/2022\/09\/Logo-UEM-transparente-212x300.png\" class=\"attachment-medium size-medium wp-image-10885\" alt=\"\" srcset=\"https:\/\/site-teste.uem.mz\/wp-content\/uploads\/2022\/09\/Logo-UEM-transparente-212x300.png 212w, https:\/\/site-teste.uem.mz\/wp-content\/uploads\/2022\/09\/Logo-UEM-transparente-724x1024.png 724w, https:\/\/site-teste.uem.mz\/wp-content\/uploads\/2022\/09\/Logo-UEM-transparente-768x1086.png 768w, https:\/\/site-teste.uem.mz\/wp-content\/uploads\/2022\/09\/Logo-UEM-transparente-600x849.png 600w, https:\/\/site-teste.uem.mz\/wp-content\/uploads\/2022\/09\/Logo-UEM-transparente.png 842w\" sizes=\"(max-width: 212px) 100vw, 212px\" \/>\t\t\t\t\t\t\t\t\t\t\t\t\t\t\t<\/div>\n\t\t\t\t<\/div>\n\t\t\t\t\t<\/div>\n\t\t<\/div>\n\t\t\t\t\t<\/div>\n\t\t<\/section>\n\t\t\t\t<section class=\"elementor-section elementor-top-section elementor-element elementor-element-63380eb elementor-section-boxed elementor-section-height-default elementor-section-height-default\" data-id=\"63380eb\" data-element_type=\"section\" data-e-type=\"section\" data-settings=\"{&quot;_ha_eqh_enable&quot;:false}\">\n\t\t\t\t\t\t<div class=\"elementor-container elementor-column-gap-default\">\n\t\t\t\t\t<div class=\"elementor-column elementor-col-50 elementor-top-column elementor-element elementor-element-e474256\" data-id=\"e474256\" data-element_type=\"column\" data-e-type=\"column\" data-settings=\"{&quot;background_background&quot;:&quot;classic&quot;}\">\n\t\t\t<div class=\"elementor-widget-wrap elementor-element-populated\">\n\t\t\t\t\t\t<div class=\"elementor-element elementor-element-b6d6766 elementor-widget elementor-widget-heading\" data-id=\"b6d6766\" data-element_type=\"widget\" data-e-type=\"widget\" data-widget_type=\"heading.default\">\n\t\t\t\t<div class=\"elementor-widget-container\">\n\t\t\t\t\t<h4 class=\"elementor-heading-title elementor-size-default\">Hino<\/h4>\t\t\t\t<\/div>\n\t\t\t\t<\/div>\n\t\t\t\t<div class=\"elementor-element elementor-element-d341910 elementor-widget elementor-widget-text-editor\" data-id=\"d341910\" data-element_type=\"widget\" data-e-type=\"widget\" data-widget_type=\"text-editor.default\">\n\t\t\t\t<div class=\"elementor-widget-container\">\n\t\t\t\t\t\t\t\t\t<p>O hino da Universidade Eduardo Mondlane pode ser executado em instrumental ou vocal.<\/p><p>De acordo com a cerim\u00f3nia e respectivo protocolo, o hino da Universidade Eduardo Mondlane \u00e9 sempre precedido do Hino Nacional.<\/p><p>Dever\u00e1 ser executado ou entoado nas cerim\u00f3nias de:<\/p>\t\t\t\t\t\t\t\t<\/div>\n\t\t\t\t<\/div>\n\t\t\t\t<div class=\"elementor-element elementor-element-ee53351 elementor-widget elementor-widget-text-editor\" data-id=\"ee53351\" data-element_type=\"widget\" data-e-type=\"widget\" data-widget_type=\"text-editor.default\">\n\t\t\t\t<div class=\"elementor-widget-container\">\n\t\t\t\t\t\t\t\t\t<ol type=\"a\"><li>Abertura do Ano Acad\u00e9mico;<\/li><li>Gradua\u00e7\u00e3o;<\/li><li>Outorga\u00e7\u00e3o de t\u00edtulos.<\/li><\/ol><p>\u00a0<\/p>\t\t\t\t\t\t\t\t<\/div>\n\t\t\t\t<\/div>\n\t\t\t\t<div class=\"elementor-element elementor-element-bf52059 elementor-widget elementor-widget-text-editor\" data-id=\"bf52059\" data-element_type=\"widget\" data-e-type=\"widget\" data-widget_type=\"text-editor.default\">\n\t\t\t\t<div class=\"elementor-widget-container\">\n\t\t\t\t\t\t\t\t\t<p>O hino poder\u00e1 tamb\u00e9m ser entoado em encontros da Universidade, nomeadamente em confer\u00eancias e em outros eventos da Comunidade Universit\u00e1ria.<\/p>\t\t\t\t\t\t\t\t<\/div>\n\t\t\t\t<\/div>\n\t\t\t\t\t<\/div>\n\t\t<\/div>\n\t\t\t\t<div class=\"elementor-column elementor-col-50 elementor-top-column elementor-element elementor-element-e732478\" data-id=\"e732478\" data-element_type=\"column\" data-e-type=\"column\">\n\t\t\t<div class=\"elementor-widget-wrap elementor-element-populated\">\n\t\t\t\t\t\t<div class=\"elementor-element elementor-element-08be94e elementor-widget elementor-widget-text-editor\" data-id=\"08be94e\" data-element_type=\"widget\" data-e-type=\"widget\" data-widget_type=\"text-editor.default\">\n\t\t\t\t<div class=\"elementor-widget-container\">\n\t\t\t\t\t\t\t\t\t<p><strong>Hino<\/strong><\/p><p>UEM institui\u00e7\u00e3o primeira<br \/>Engajada na forma\u00e7\u00e3o<br \/>Profissionais para a na\u00e7\u00e3o inteira<br \/>Homens do saber com isen\u00e7\u00e3o<\/p><p><b>Coro<br \/><\/b><i>Desde a sua cria\u00e7\u00e3o<\/i><br \/><i>Nossa miss\u00e3o \u00e9 para o bem da humanidade<\/i><br \/><i>Nossa Universidade abra\u00e7ada \u00e0 inova\u00e7\u00e3o<\/i><br \/><i>Sempre avante em prol da sociedade<\/i><\/p><p>S\u00e3o valores fortes do saber<br \/>Que alicer\u00e7am ci\u00eancia e educa\u00e7\u00e3o<br \/>Ir\u00e3o nossos quadros resplandecer<br \/>Luz em novos sonhos projectos da na\u00e7\u00e3o<\/p><div>\u00a0<\/div>\t\t\t\t\t\t\t\t<\/div>\n\t\t\t\t<\/div>\n\t\t\t\t\t<\/div>\n\t\t<\/div>\n\t\t\t\t\t<\/div>\n\t\t<\/section>\n\t\t\t\t<section class=\"elementor-section elementor-top-section elementor-element elementor-element-f4256a1 elementor-section-boxed elementor-section-height-default elementor-section-height-default\" data-id=\"f4256a1\" data-element_type=\"section\" data-e-type=\"section\" data-settings=\"{&quot;_ha_eqh_enable&quot;:false}\">\n\t\t\t\t\t\t<div class=\"elementor-container elementor-column-gap-default\">\n\t\t\t\t\t<div class=\"elementor-column elementor-col-100 elementor-top-column elementor-element elementor-element-412cfb8\" data-id=\"412cfb8\" data-element_type=\"column\" data-e-type=\"column\">\n\t\t\t<div class=\"elementor-widget-wrap elementor-element-populated\">\n\t\t\t\t\t\t<div class=\"elementor-element elementor-element-6e33073 elementor-widget elementor-widget-heading\" data-id=\"6e33073\" data-element_type=\"widget\" data-e-type=\"widget\" data-widget_type=\"heading.default\">\n\t\t\t\t<div class=\"elementor-widget-container\">\n\t\t\t\t\t<h3 class=\"elementor-heading-title elementor-size-default\">Para mais detalhes sobre os s\u00edmbolos da UEM consulte:<\/h3>\t\t\t\t<\/div>\n\t\t\t\t<\/div>\n\t\t\t\t<div class=\"elementor-element elementor-element-0c3ff7f elementor-widget elementor-widget-text-editor\" data-id=\"0c3ff7f\" data-element_type=\"widget\" data-e-type=\"widget\" data-widget_type=\"text-editor.default\">\n\t\t\t\t<div class=\"elementor-widget-container\">\n\t\t\t\t\t\t\t\t\t<ul><li><a href=\"\/wp-content\/uploads\/2022\/09\/RegulUsoSimbolosUEM.pdf\" target=\"_blank\" rel=\"noopener\">Regulamento do Uso dos S\u00edmbolos da UEM<\/a><\/li><li><a href=\"\/wp-content\/uploads\/2022\/09\/UEM-Identidade-Visual.pdf\" target=\"_blank\" rel=\"noopener\">Guia de Identidade Visual<\/a><\/li><\/ul>\t\t\t\t\t\t\t\t<\/div>\n\t\t\t\t<\/div>\n\t\t\t\t\t<\/div>\n\t\t<\/div>\n\t\t\t\t\t<\/div>\n\t\t<\/section>\n\t\t\t\t<\/div>\n\t\t","protected":false},"excerpt":{"rendered":"<p>S\u00edmbolos da UEM Constituem S\u00edmbolos da Universidade Eduardo Mondlane, de acordo com a hierarquia que se segue: Bandeira da UEM A bandeira da Universidade Eduardo Mondlane, em todas as cerim\u00f3nias p\u00fablicas ou oficiais realizadas em espa\u00e7os da UEM, deve ocupar &hellip; <\/p>\n","protected":false},"author":1,"featured_media":0,"parent":0,"menu_order":0,"comment_status":"closed","ping_status":"closed","template":"elementor_header_footer","meta":{"footnotes":""},"class_list":["post-10354","page","type-page","status-publish","hentry"],"_links":{"self":[{"href":"https:\/\/site-teste.uem.mz\/index.php\/wp-json\/wp\/v2\/pages\/10354"}],"collection":[{"href":"https:\/\/site-teste.uem.mz\/index.php\/wp-json\/wp\/v2\/pages"}],"about":[{"href":"https:\/\/site-teste.uem.mz\/index.php\/wp-json\/wp\/v2\/types\/page"}],"author":[{"embeddable":true,"href":"https:\/\/site-teste.uem.mz\/index.php\/wp-json\/wp\/v2\/users\/1"}],"replies":[{"embeddable":true,"href":"https:\/\/site-teste.uem.mz\/index.php\/wp-json\/wp\/v2\/comments?post=10354"}],"version-history":[{"count":79,"href":"https:\/\/site-teste.uem.mz\/index.php\/wp-json\/wp\/v2\/pages\/10354\/revisions"}],"predecessor-version":[{"id":16272,"href":"https:\/\/site-teste.uem.mz\/index.php\/wp-json\/wp\/v2\/pages\/10354\/revisions\/16272"}],"wp:attachment":[{"href":"https:\/\/site-teste.uem.mz\/index.php\/wp-json\/wp\/v2\/media?parent=10354"}],"curies":[{"name":"wp","href":"https:\/\/api.w.org\/{rel}","templated":true}]}}